Last updated on 2023-01-27 11:49:39 CET.
Flavor | Version | Tinstall | Tcheck | Ttotal | Status | Flags |
---|---|---|---|---|---|---|
r-devel-linux-x86_64-debian-clang | 0.9.1 | 10.08 | 73.15 | 83.23 | OK | |
r-devel-linux-x86_64-debian-gcc | 0.9.1 | 6.71 | 53.93 | 60.64 | OK | |
r-devel-linux-x86_64-fedora-clang | 0.9.1 | 99.53 | NOTE | |||
r-devel-linux-x86_64-fedora-gcc | 0.9.1 | 107.14 | OK | |||
r-patched-linux-x86_64 | 0.9.1 | 14.44 | 69.36 | 83.80 | OK | |
r-release-linux-x86_64 | 0.9.1 | 6.68 | 69.52 | 76.20 | OK | |
r-release-macos-arm64 | 0.9.1 | 30.00 | NOTE | |||
r-release-macos-x86_64 | 0.9.1 | 51.00 | NOTE | |||
r-release-windows-x86_64 | 0.9.1 | 51.00 | 108.00 | 159.00 | OK | |
r-oldrel-macos-arm64 | 0.9.1 | 42.00 | NOTE | |||
r-oldrel-macos-x86_64 | 0.9.1 | 60.00 | NOTE | |||
r-oldrel-windows-ix86+x86_64 | 0.9.1 | 19.00 | 102.00 | 121.00 | OK |
Version: 0.9.1
Check: package dependencies
Result: NOTE
Package suggested but not available for checking: ‘rsbml’
Flavors: r-devel-linux-x86_64-fedora-clang, r-release-macos-arm64, r-release-macos-x86_64, r-oldrel-macos-arm64, r-oldrel-macos-x86_64