Last updated on 2023-01-31 03:00:57 CET.
Flavor | Version | Tinstall | Tcheck | Ttotal | Status | Flags |
---|---|---|---|---|---|---|
r-devel-linux-x86_64-debian-clang | 0.3.5 | 50.83 | 126.19 | 177.02 | NOTE | |
r-devel-linux-x86_64-debian-gcc | 0.3.5 | 40.10 | 93.87 | 133.97 | NOTE | |
r-devel-linux-x86_64-fedora-clang | 0.3.5 | 229.18 | NOTE | |||
r-devel-linux-x86_64-fedora-gcc | 0.3.5 | 232.02 | NOTE | |||
r-devel-windows-x86_64 | 0.3.5 | 84.00 | 188.00 | 272.00 | NOTE | |
r-patched-linux-x86_64 | 0.3.5 | 44.42 | 120.57 | 164.99 | NOTE | |
r-release-linux-x86_64 | 0.3.5 | 40.25 | 122.05 | 162.30 | NOTE | |
r-release-macos-arm64 | 0.3.5 | 65.00 | NOTE | |||
r-release-macos-x86_64 | 0.3.5 | 86.00 | NOTE | |||
r-release-windows-x86_64 | 0.3.5 | 82.00 | 182.00 | 264.00 | OK | |
r-oldrel-macos-arm64 | 0.3.5 | 60.00 | NOTE | |||
r-oldrel-macos-x86_64 | 0.3.5 | 87.00 | NOTE | |||
r-oldrel-windows-ix86+x86_64 | 0.3.5 | 117.00 | 205.00 | 322.00 | OK |
Version: 0.3.5
Check: package dependencies
Result: NOTE
Package which this enhances but not available for checking: ‘glmGamPoi’
Flavors: r-devel-linux-x86_64-debian-clang, r-devel-linux-x86_64-debian-gcc, r-devel-linux-x86_64-fedora-clang, r-devel-linux-x86_64-fedora-gcc, r-patched-linux-x86_64, r-release-linux-x86_64, r-release-macos-arm64, r-release-macos-x86_64, r-oldrel-macos-arm64, r-oldrel-macos-x86_64
Version: 0.3.5
Check: C++ specification
Result: NOTE
Specified C++11: please update to current default of C++17
Flavors: r-devel-linux-x86_64-debian-gcc, r-devel-linux-x86_64-fedora-clang, r-devel-linux-x86_64-fedora-gcc, r-devel-windows-x86_64