Last updated on 2023-02-06 18:52:19 CET.
Flavor | Version | Tinstall | Tcheck | Ttotal | Status | Flags |
---|---|---|---|---|---|---|
r-devel-linux-x86_64-debian-clang | 2.3.3 | 16.93 | 169.44 | 186.37 | NOTE | |
r-devel-linux-x86_64-debian-gcc | 2.3.3 | 13.85 | 123.83 | 137.68 | NOTE | |
r-devel-linux-x86_64-fedora-clang | 2.3.3 | 239.05 | NOTE | |||
r-devel-linux-x86_64-fedora-gcc | 2.3.3 | 236.18 | NOTE | |||
r-devel-windows-x86_64 | 2.3.3 | 36.00 | 241.00 | 277.00 | NOTE | |
r-patched-linux-x86_64 | 2.3.3 | 16.15 | 155.42 | 171.57 | OK | |
r-release-linux-x86_64 | 2.3.3 | 15.23 | 163.98 | 179.21 | OK | |
r-release-macos-arm64 | 2.3.3 | 63.00 | OK | |||
r-release-macos-x86_64 | 2.3.3 | 114.00 | OK | |||
r-release-windows-x86_64 | 2.3.3 | 38.00 | 251.00 | 289.00 | OK | |
r-oldrel-macos-arm64 | 2.3.3 | 88.00 | OK | |||
r-oldrel-macos-x86_64 | 2.3.3 | 136.00 | OK | |||
r-oldrel-windows-ix86+x86_64 | 2.3.3 | 35.00 | 206.00 | 241.00 | OK |
Version: 2.3.3
Check: Rd files
Result: NOTE
checkRd: (-1) x.oreo.Rd:48: Escaped LaTeX specials: \_ \_
Flavors: r-devel-linux-x86_64-debian-clang, r-devel-linux-x86_64-debian-gcc, r-devel-linux-x86_64-fedora-clang, r-devel-linux-x86_64-fedora-gcc, r-devel-windows-x86_64