CRAN Package Check Results for Package scTenifoldKnk

Last updated on 2024-04-17 02:49:25 CEST.

Flavor Version Tinstall Tcheck Ttotal Status Flags
r-devel-linux-x86_64-debian-clang 1.0.1 8.75 74.18 82.93 NOTE
r-devel-linux-x86_64-debian-gcc 1.0.1 6.30 55.87 62.17 NOTE
r-devel-linux-x86_64-fedora-clang 1.0.1 99.18 NOTE
r-devel-linux-x86_64-fedora-gcc 1.0.1 99.64 NOTE
r-prerel-macos-arm64 1.0.1 38.00 NOTE
r-prerel-windows-x86_64 1.0.1 9.00 67.00 76.00 NOTE
r-patched-linux-x86_64 1.0.1 6.58 70.87 77.45 NOTE
r-release-linux-x86_64 1.0.1 8.16 73.34 81.50 NOTE
r-release-macos-arm64 1.0.1 36.00 NOTE
r-release-macos-x86_64 1.0.1 83.00 NOTE
r-release-windows-x86_64 1.0.1 11.00 82.00 93.00 NOTE
r-oldrel-macos-arm64 1.0.1 34.00 NOTE
r-oldrel-windows-x86_64 1.0.1 11.00 87.00 98.00 NOTE

Check Details

Version: 1.0.1
Check: LazyData
Result: NOTE 'LazyData' is specified without a 'data' directory Flavors: r-devel-linux-x86_64-debian-clang, r-devel-linux-x86_64-debian-gcc, r-devel-linux-x86_64-fedora-clang, r-devel-linux-x86_64-fedora-gcc, r-prerel-macos-arm64, r-prerel-windows-x86_64, r-patched-linux-x86_64, r-release-linux-x86_64, r-release-macos-arm64, r-release-macos-x86_64, r-release-windows-x86_64, r-oldrel-macos-arm64, r-oldrel-windows-x86_64

Version: 1.0.1
Check: dependencies in R code
Result: NOTE Namespaces in Imports field not imported from: ‘methods’ ‘pbapply’ ‘utils’ All declared Imports should be used. Flavors: r-devel-linux-x86_64-fedora-clang, r-devel-linux-x86_64-fedora-gcc, r-oldrel-macos-arm64