Last updated on 2023-02-06 02:52:49 CET.
Flavor | Version | Tinstall | Tcheck | Ttotal | Status | Flags |
---|---|---|---|---|---|---|
r-devel-linux-x86_64-debian-clang | 1.2.0 | 58.18 | 127.12 | 185.30 | NOTE | |
r-devel-linux-x86_64-debian-gcc | 1.2.0 | 45.30 | 95.77 | 141.07 | NOTE | |
r-devel-linux-x86_64-fedora-clang | 1.2.0 | 242.95 | NOTE | |||
r-devel-linux-x86_64-fedora-gcc | 1.2.0 | 246.57 | NOTE | |||
r-devel-windows-x86_64 | 1.2.0 | 67.00 | 171.00 | 238.00 | NOTE | |
r-patched-linux-x86_64 | 1.2.0 | 50.09 | 126.25 | 176.34 | OK | |
r-release-linux-x86_64 | 1.2.0 | 53.16 | 131.29 | 184.45 | OK | |
r-release-macos-arm64 | 1.2.0 | 68.00 | NOTE | |||
r-release-macos-x86_64 | 1.2.0 | 87.00 | NOTE | |||
r-release-windows-x86_64 | 1.2.0 | 63.00 | 177.00 | 240.00 | OK | |
r-oldrel-macos-arm64 | 1.2.0 | 70.00 | NOTE | |||
r-oldrel-macos-x86_64 | 1.2.0 | 86.00 | NOTE | |||
r-oldrel-windows-ix86+x86_64 | 1.2.0 | 131.00 | 212.00 | 343.00 | NOTE |
Version: 1.2.0
Check: C++ specification
Result: NOTE
Specified C++11: please update to current default of C++17
Flavors: r-devel-linux-x86_64-debian-clang, r-devel-linux-x86_64-debian-gcc, r-devel-linux-x86_64-fedora-clang, r-devel-linux-x86_64-fedora-gcc, r-devel-windows-x86_64
Version: 1.2.0
Check: installed package size
Result: NOTE
installed size is 7.5Mb
sub-directories of 1Mb or more:
data 4.1Mb
libs 3.1Mb
Flavors: r-release-macos-arm64, r-release-macos-x86_64, r-oldrel-macos-arm64, r-oldrel-macos-x86_64, r-oldrel-windows-ix86+x86_64