CRAN Package Check Results for Package scDHA

Last updated on 2024-02-28 18:50:46 CET.

Flavor Version Tinstall Tcheck Ttotal Status Flags
r-devel-linux-x86_64-debian-clang 1.2.1 60.00 159.64 219.64 OK
r-devel-linux-x86_64-debian-gcc 1.2.1 50.95 118.98 169.93 OK
r-devel-linux-x86_64-fedora-clang 1.2.1 287.93 OK
r-devel-linux-x86_64-fedora-gcc 1.2.1 293.09 OK
r-devel-windows-x86_64 1.2.1 51.00 142.00 193.00 OK
r-patched-linux-x86_64 1.2.1 62.17 152.61 214.78 OK
r-release-linux-x86_64 1.2.1 66.06 152.04 218.10 OK
r-release-macos-arm64 1.2.1 72.00 NOTE
r-release-macos-x86_64 1.2.1 125.00 NOTE
r-release-windows-x86_64 1.2.1 66.00 176.00 242.00 OK
r-oldrel-macos-arm64 1.2.1 63.00 NOTE
r-oldrel-windows-x86_64 1.2.1 63.00 175.00 238.00 OK

Check Details

Version: 1.2.1
Check: installed package size
Result: NOTE installed size is 7.6Mb sub-directories of 1Mb or more: data 4.1Mb libs 3.1Mb Flavors: r-release-macos-arm64, r-release-macos-x86_64, r-oldrel-macos-arm64