Last updated on 2023-02-04 02:50:09 CET.
Flavor | Version | Tinstall | Tcheck | Ttotal | Status | Flags |
---|---|---|---|---|---|---|
r-devel-linux-x86_64-debian-clang | 0.6.0 | 7.56 | 78.14 | 85.70 | OK | |
r-devel-linux-x86_64-debian-gcc | 0.6.0 | 5.02 | 58.07 | 63.09 | OK | |
r-devel-linux-x86_64-fedora-clang | 0.6.0 | 108.42 | NOTE | |||
r-devel-linux-x86_64-fedora-gcc | 0.6.0 | 119.27 | NOTE | |||
r-devel-windows-x86_64 | 0.6.0 | 37.00 | 116.00 | 153.00 | OK | |
r-patched-linux-x86_64 | 0.6.0 | 6.82 | 71.42 | 78.24 | OK | |
r-release-linux-x86_64 | 0.6.0 | 5.80 | 74.53 | 80.33 | OK | |
r-release-macos-arm64 | 0.6.0 | 37.00 | NOTE | |||
r-release-macos-x86_64 | 0.6.0 | 50.00 | NOTE | |||
r-release-windows-x86_64 | 0.6.0 | 48.00 | 119.00 | 167.00 | OK | |
r-oldrel-macos-arm64 | 0.6.0 | 36.00 | NOTE | |||
r-oldrel-macos-x86_64 | 0.6.0 | 53.00 | NOTE | |||
r-oldrel-windows-ix86+x86_64 | 0.6.0 | 16.00 | 109.00 | 125.00 | OK |
Version: 0.6.0
Check: data for non-ASCII characters
Result: NOTE
Note: found 120 marked UTF-8 strings
Flavors: r-devel-linux-x86_64-fedora-clang, r-devel-linux-x86_64-fedora-gcc, r-release-macos-arm64, r-release-macos-x86_64, r-oldrel-macos-arm64, r-oldrel-macos-x86_64