Last updated on 2023-02-08 02:57:23 CET.
Flavor | Version | Tinstall | Tcheck | Ttotal | Status | Flags |
---|---|---|---|---|---|---|
r-devel-linux-x86_64-debian-clang | 2.0.11 | 285.05 | 208.63 | 493.68 | NOTE | |
r-devel-linux-x86_64-debian-gcc | 2.0.11 | 215.11 | 149.30 | 364.41 | NOTE | |
r-devel-linux-x86_64-fedora-clang | 2.0.11 | 626.80 | NOTE | |||
r-devel-linux-x86_64-fedora-gcc | 2.0.11 | 653.81 | NOTE | |||
r-devel-windows-x86_64 | 2.0.11 | 450.00 | 350.00 | 800.00 | NOTE | |
r-patched-linux-x86_64 | 2.0.11 | 208.98 | 183.49 | 392.47 | OK | |
r-release-linux-x86_64 | 2.0.11 | 222.67 | 179.84 | 402.51 | OK | |
r-release-macos-arm64 | 2.0.11 | 198.00 | OK | |||
r-release-macos-x86_64 | 2.0.11 | 198.00 | OK | |||
r-release-windows-x86_64 | 2.0.11 | 400.00 | 299.00 | 699.00 | OK | |
r-oldrel-macos-arm64 | 2.0.11 | 178.00 | OK | |||
r-oldrel-macos-x86_64 | 2.0.11 | 189.00 | OK | |||
r-oldrel-windows-ix86+x86_64 | 2.0.11 | 618.00 | 342.00 | 960.00 | NOTE |
Version: 2.0.11
Check: C++ specification
Result: NOTE
Specified C++14: please update to current default of C++17
Flavors: r-devel-linux-x86_64-debian-clang, r-devel-linux-x86_64-debian-gcc, r-devel-windows-x86_64
Version: 2.0.11
Check: C++ specification
Result: NOTE
Specified C++14: please drop specification unless essential
Flavors: r-devel-linux-x86_64-fedora-clang, r-devel-linux-x86_64-fedora-gcc
Version: 2.0.11
Check: installed package size
Result: NOTE
installed size is 7.7Mb
sub-directories of 1Mb or more:
libs 5.4Mb
Flavor: r-oldrel-windows-ix86+x86_64