Last updated on 2025-01-24 18:49:55 CET.
Flavor | Version | Tinstall | Tcheck | Ttotal | Status | Flags |
---|---|---|---|---|---|---|
r-devel-linux-x86_64-debian-clang | 0.1.1 | 5.26 | 45.38 | 50.64 | OK | |
r-devel-linux-x86_64-debian-gcc | 0.1.1 | 4.11 | 32.18 | 36.29 | OK | |
r-devel-linux-x86_64-fedora-clang | 0.1.1 | 79.18 | OK | |||
r-devel-linux-x86_64-fedora-gcc | 0.1.1 | 73.76 | OK | |||
r-devel-windows-x86_64 | 0.1.1 | 7.00 | 60.00 | 67.00 | OK | |
r-patched-linux-x86_64 | 0.1.1 | 5.36 | 40.89 | 46.25 | NOTE | |
r-release-linux-x86_64 | 0.1.1 | 5.03 | 41.01 | 46.04 | NOTE | |
r-release-macos-arm64 | 0.1.1 | 27.00 | NOTE | |||
r-release-macos-x86_64 | 0.1.1 | 63.00 | NOTE | |||
r-release-windows-x86_64 | 0.1.1 | 7.00 | 60.00 | 67.00 | NOTE | |
r-oldrel-macos-arm64 | 0.1.1 | 25.00 | NOTE | |||
r-oldrel-macos-x86_64 | 0.1.1 | 40.00 | NOTE | |||
r-oldrel-windows-x86_64 | 0.1.1 | 8.00 | 66.00 | 74.00 | NOTE |
Version: 0.1.1
Check: LazyData
Result: NOTE
'LazyData' is specified without a 'data' directory
Flavors: r-patched-linux-x86_64, r-release-linux-x86_64, r-release-macos-arm64, r-release-macos-x86_64, r-release-windows-x86_64, r-oldrel-macos-arm64, r-oldrel-macos-x86_64, r-oldrel-windows-x86_64