CRAN Package Check Results for Package rtiddlywiki

Last updated on 2024-04-15 18:57:16 CEST.

Flavor Version Tinstall Tcheck Ttotal Status Flags
r-devel-linux-x86_64-debian-clang 0.1.0 2.67 29.29 31.96 NOTE
r-devel-linux-x86_64-debian-gcc 0.1.0 1.96 23.24 25.20 NOTE
r-devel-linux-x86_64-fedora-clang 0.1.0 42.76 NOTE
r-devel-linux-x86_64-fedora-gcc 0.1.0 53.56 NOTE
r-prerel-macos-arm64 0.1.0 22.00 NOTE
r-prerel-windows-x86_64 0.1.0 4.00 45.00 49.00 NOTE
r-patched-linux-x86_64 0.1.0 2.77 28.53 31.30 NOTE
r-release-linux-x86_64 0.1.0 2.40 27.68 30.08 OK
r-release-macos-arm64 0.1.0 22.00 OK
r-release-macos-x86_64 0.1.0 35.00 OK
r-release-windows-x86_64 0.1.0 5.00 45.00 50.00 OK
r-oldrel-macos-arm64 0.1.0 20.00 OK
r-oldrel-windows-x86_64 0.1.0 4.00 49.00 53.00 OK

Check Details

Version: 0.1.0
Check: Rd files
Result: NOTE checkRd: (-1) tw_options.Rd:22: Lost braces in \itemize; meant \describe ? Flavors: r-devel-linux-x86_64-debian-clang, r-devel-linux-x86_64-debian-gcc, r-devel-linux-x86_64-fedora-clang, r-devel-linux-x86_64-fedora-gcc, r-prerel-macos-arm64, r-prerel-windows-x86_64, r-patched-linux-x86_64