CRAN Package Check Results for Package ropercenter

Last updated on 2024-07-23 10:56:13 CEST.

Flavor Version Tinstall Tcheck Ttotal Status Flags
r-devel-linux-x86_64-debian-clang 0.3.2 6.16 60.96 67.12 NOTE
r-devel-linux-x86_64-debian-gcc 0.3.2 5.66 45.67 51.33 NOTE
r-devel-linux-x86_64-fedora-clang 0.3.2 86.92 NOTE
r-devel-linux-x86_64-fedora-gcc 0.3.2 93.68 NOTE
r-devel-windows-x86_64 0.3.2 8.00 71.00 79.00 NOTE
r-patched-linux-x86_64 0.3.2 4.34 58.44 62.78 NOTE
r-release-linux-x86_64 0.3.2 4.44 56.88 61.32 NOTE
r-release-macos-arm64 0.3.2 35.00 NOTE
r-release-macos-x86_64 0.3.2 76.00 NOTE
r-release-windows-x86_64 0.3.2 6.00 69.00 75.00 NOTE
r-oldrel-macos-arm64 0.3.2 33.00 OK
r-oldrel-macos-x86_64 0.3.2 87.00 OK
r-oldrel-windows-x86_64 0.3.2 9.00 73.00 82.00 OK

Check Details

Version: 0.3.2
Check: Rd files
Result: NOTE checkRd: (-1) read_ascii.Rd:33: Lost braces 33 | \item{respondent_pattern}{For use when the file does not contain a line for every card for every respondent (or contains extra lines that correspond to no respondent), a regular expression that matches the file's respondent identifier; e.g., if the respondent number is stored in the first four digits of each line, preceded by a space, "(?<=^\\s)\\d{4}".} | ^ Flavors: r-devel-linux-x86_64-debian-clang, r-devel-linux-x86_64-debian-gcc, r-devel-linux-x86_64-fedora-clang, r-devel-linux-x86_64-fedora-gcc, r-devel-windows-x86_64, r-patched-linux-x86_64, r-release-linux-x86_64, r-release-macos-arm64, r-release-macos-x86_64, r-release-windows-x86_64