CRAN Package Check Results for Package rngwell19937

Last updated on 2018-11-17 02:48:42 CET.

Flavor Version Tinstall Tcheck Ttotal Status Flags
r-devel-linux-x86_64-debian-clang 0.6-0 1.59 17.15 18.74 NOTE
r-devel-linux-x86_64-debian-gcc 0.6-0 1.38 14.11 15.49 NOTE
r-devel-linux-x86_64-fedora-clang 0.6-0 22.76 NOTE
r-devel-linux-x86_64-fedora-gcc 0.6-0 21.31 NOTE
r-devel-windows-ix86+x86_64 0.6-0 7.00 47.00 54.00 NOTE
r-patched-linux-x86_64 0.6-0 1.29 15.98 17.27 NOTE
r-patched-solaris-x86 0.6-0 34.80 NOTE
r-release-linux-x86_64 0.6-0 1.56 16.09 17.65 NOTE
r-release-windows-ix86+x86_64 0.6-0 12.00 32.00 44.00 NOTE
r-release-osx-x86_64 0.6-0 NOTE
r-oldrel-windows-ix86+x86_64 0.6-0 7.00 38.00 45.00 NOTE
r-oldrel-osx-x86_64 0.6-0 NOTE

Check Details

Version: 0.6-0
Check: R code for possible problems
Result: NOTE
    well19937.validate: no visible global function definition for ‘runif’
    Undefined global functions or variables:
     runif
    Consider adding
     importFrom("stats", "runif")
    to your NAMESPACE file.
Flavors: r-devel-linux-x86_64-debian-clang, r-devel-linux-x86_64-debian-gcc, r-devel-linux-x86_64-fedora-clang, r-devel-linux-x86_64-fedora-gcc, r-devel-windows-ix86+x86_64, r-patched-linux-x86_64, r-patched-solaris-x86, r-release-linux-x86_64, r-release-windows-ix86+x86_64, r-release-osx-x86_64, r-oldrel-windows-ix86+x86_64, r-oldrel-osx-x86_64

Version: 0.6-0
Check: compiled code
Result: NOTE
    File ‘rngwell19937/libs/rngwell19937.so’:
     Found no calls to: ‘R_registerRoutines’, ‘R_useDynamicSymbols’
    
    It is good practice to register native routines and to disable symbol
    search.
    
    See ‘Writing portable packages’ in the ‘Writing R Extensions’ manual.
Flavors: r-devel-linux-x86_64-fedora-clang, r-devel-linux-x86_64-fedora-gcc