CRAN Package Check Results for Package rmarkdown

Last updated on 2024-02-29 10:48:51 CET.

Flavor Version Tinstall Tcheck Ttotal Status Flags
r-devel-linux-x86_64-debian-clang 2.25 12.69 82.69 95.38 NOTE
r-devel-linux-x86_64-debian-gcc 2.25 10.68 62.81 73.49 NOTE
r-devel-linux-x86_64-fedora-clang 2.25 117.58 NOTE
r-devel-linux-x86_64-fedora-gcc 2.25 126.98 NOTE
r-devel-windows-x86_64 2.25 13.00 89.00 102.00 NOTE
r-patched-linux-x86_64 2.25 13.59 81.48 95.07 OK
r-release-linux-x86_64 2.25 14.48 81.84 96.32 OK
r-release-macos-arm64 2.25 52.00 NOTE
r-release-macos-x86_64 2.25 106.00 NOTE
r-release-windows-x86_64 2.25 17.00 103.00 120.00 NOTE
r-oldrel-macos-arm64 2.25 44.00 NOTE
r-oldrel-windows-x86_64 2.25 17.00 96.00 113.00 NOTE

Check Details

Version: 2.25
Check: Rd files
Result: NOTE checkRd: (-1) ioslides_presentation.Rd:239: Lost braces in \itemize; meant \describe ? checkRd: (-1) ioslides_presentation.Rd:240: Lost braces in \itemize; meant \describe ? checkRd: (-1) ioslides_presentation.Rd:241: Lost braces in \itemize; meant \describe ? checkRd: (-1) ioslides_presentation.Rd:242: Lost braces in \itemize; meant \describe ? checkRd: (-1) ioslides_presentation.Rd:243: Lost braces in \itemize; meant \describe ? Flavors: r-devel-linux-x86_64-debian-clang, r-devel-linux-x86_64-debian-gcc, r-devel-linux-x86_64-fedora-clang, r-devel-linux-x86_64-fedora-gcc

Version: 2.25
Check: installed package size
Result: NOTE installed size is 7.3Mb sub-directories of 1Mb or more: rmd 6.2Mb Flavors: r-devel-linux-x86_64-fedora-clang, r-devel-windows-x86_64, r-release-macos-arm64, r-release-macos-x86_64, r-release-windows-x86_64, r-oldrel-macos-arm64, r-oldrel-windows-x86_64