Last updated on 2023-02-01 02:52:29 CET.
Flavor | Version | Tinstall | Tcheck | Ttotal | Status | Flags |
---|---|---|---|---|---|---|
r-devel-linux-x86_64-debian-clang | 4-13 | 12.18 | 31.43 | 43.61 | WARN | |
r-devel-linux-x86_64-debian-gcc | 4-13 | 8.65 | 24.98 | 33.63 | WARN | |
r-devel-linux-x86_64-fedora-clang | 4-13 | 58.04 | WARN | |||
r-devel-linux-x86_64-fedora-gcc | 4-13 | 56.51 | WARN | |||
r-devel-windows-x86_64 | 4-13 | 57.00 | 81.00 | 138.00 | OK | |
r-patched-linux-x86_64 | 4-13 | 9.80 | 31.78 | 41.58 | OK | |
r-release-linux-x86_64 | 4-13 | 9.30 | 31.65 | 40.95 | OK | |
r-release-macos-arm64 | 4-13 | 26.00 | OK | |||
r-release-macos-x86_64 | 4-13 | 35.00 | OK | |||
r-release-windows-x86_64 | 4-13 | 27.00 | 85.00 | 112.00 | OK | |
r-oldrel-macos-arm64 | 4-13 | 31.00 | OK | |||
r-oldrel-macos-x86_64 | 4-13 | 44.00 | OK | |||
r-oldrel-windows-ix86+x86_64 | 4-13 | 21.00 | 75.00 | 96.00 | OK |
Version: 4-13
Check: whether package can be installed
Result: WARN
Found the following significant warnings:
./init.h:19:28: warning: a function declaration without a prototype is deprecated in all versions of C [-Wstrict-prototypes]
./init.h:26:28: warning: a function declaration without a prototype is deprecated in all versions of C [-Wstrict-prototypes]
./init.h:30:29: warning: a function declaration without a prototype is deprecated in all versions of C [-Wstrict-prototypes]
See ‘/home/hornik/tmp/R.check/r-devel-clang/Work/PKGS/rjags.Rcheck/00install.out’ for details.
* used C compiler: ‘Debian clang version 15.0.6’
* used C++ compiler: ‘Debian clang version 15.0.6’
Flavor: r-devel-linux-x86_64-debian-clang
Version: 4-13
Check: whether package can be installed
Result: WARN
Found the following significant warnings:
init.h:19:5: warning: function declaration isn’t a prototype [-Wstrict-prototypes]
init.h:26:5: warning: function declaration isn’t a prototype [-Wstrict-prototypes]
init.h:30:5: warning: function declaration isn’t a prototype [-Wstrict-prototypes]
See ‘/home/hornik/tmp/R.check/r-devel-gcc/Work/PKGS/rjags.Rcheck/00install.out’ for details.
* used C compiler: ‘gcc-12 (Debian 12.2.0-14) 12.2.0’
* used C++ compiler: ‘g++-12 (Debian 12.2.0-14) 12.2.0’
Flavor: r-devel-linux-x86_64-debian-gcc
Version: 4-13
Check: whether package can be installed
Result: WARN
Found the following significant warnings:
./init.h:19:28: warning: a function declaration without a prototype is deprecated in all versions of C [-Wstrict-prototypes]
./init.h:26:28: warning: a function declaration without a prototype is deprecated in all versions of C [-Wstrict-prototypes]
./init.h:30:29: warning: a function declaration without a prototype is deprecated in all versions of C [-Wstrict-prototypes]
See ‘/data/gannet/ripley/R/packages/tests-clang/rjags.Rcheck/00install.out’ for details.
* used C compiler: ‘clang version 15.0.7’
* used C++ compiler: ‘clang version 15.0.7’
Flavor: r-devel-linux-x86_64-fedora-clang
Version: 4-13
Check: whether package can be installed
Result: WARN
Found the following significant warnings:
init.h:19:5: warning: function declaration isn’t a prototype [-Wstrict-prototypes]
init.h:26:5: warning: function declaration isn’t a prototype [-Wstrict-prototypes]
init.h:30:5: warning: function declaration isn’t a prototype [-Wstrict-prototypes]
See ‘/data/gannet/ripley/R/packages/tests-devel/rjags.Rcheck/00install.out’ for details.
* used C compiler: ‘gcc (GCC) 12.2.1 20221121 (Red Hat 12.2.1-4)’
* used C++ compiler: ‘g++ (GCC) 12.2.1 20221121 (Red Hat 12.2.1-4)’
Flavor: r-devel-linux-x86_64-fedora-gcc