CRAN Package Check Results for Package rgbif

Last updated on 2018-11-17 02:48:42 CET.

Flavor Version Tinstall Tcheck Ttotal Status Flags
r-devel-linux-x86_64-debian-clang 1.1.0 10.76 259.73 270.49 OK
r-devel-linux-x86_64-debian-gcc 1.1.0 9.23 193.92 203.15 OK
r-devel-linux-x86_64-fedora-clang 1.1.0 323.69 OK
r-devel-linux-x86_64-fedora-gcc 1.1.0 299.09 OK
r-devel-windows-ix86+x86_64 1.1.0 19.00 258.00 277.00 OK
r-patched-linux-x86_64 1.1.0 8.09 247.69 255.78 OK
r-patched-solaris-x86 1.1.0 432.70 OK
r-release-linux-x86_64 1.1.0 9.86 245.07 254.93 OK
r-release-windows-ix86+x86_64 1.1.0 22.00 284.00 306.00 OK
r-release-osx-x86_64 1.1.0 OK
r-oldrel-windows-ix86+x86_64 1.1.0 14.00 271.00 285.00 OK
r-oldrel-osx-x86_64 1.1.0 ERROR

Check Details

Version: 1.1.0
Check: package dependencies
Result: NOTE
    Package suggested but not available for checking: ‘vcr’
Flavor: r-oldrel-osx-x86_64

Version: 1.1.0
Check: tests
Result: ERROR
     Running ‘test-all.R’ [2s/2s]
    Running the tests in ‘tests/test-all.R’ failed.
    Complete output:
     > library(testthat)
     > test_check("rgbif")
     Loading required package: rgbif
     Error in library("vcr") : there is no package called 'vcr'
     Calls: test_check ... source_dir -> lapply -> FUN -> eval -> eval -> library
     Execution halted
Flavor: r-oldrel-osx-x86_64