CRAN Package Check Results for Package rewie

Last updated on 2024-04-22 03:53:42 CEST.

Flavor Version Tinstall Tcheck Ttotal Status Flags
r-devel-linux-x86_64-debian-clang 0.1.0 2.41 29.21 31.62 NOTE
r-devel-linux-x86_64-debian-gcc 0.1.0 1.88 22.64 24.52 NOTE
r-devel-linux-x86_64-fedora-clang 0.1.0 40.01 NOTE
r-devel-linux-x86_64-fedora-gcc 0.1.0 40.30 NOTE
r-prerel-macos-arm64 0.1.0 18.00 NOTE
r-prerel-windows-x86_64 0.1.0 3.00 44.00 47.00 NOTE
r-patched-linux-x86_64 0.1.0 2.11 28.32 30.43 NOTE
r-release-linux-x86_64 0.1.0 1.74 28.22 29.96 NOTE
r-release-macos-arm64 0.1.0 18.00 NOTE
r-release-macos-x86_64 0.1.0 30.00 NOTE
r-release-windows-x86_64 0.1.0 4.00 46.00 50.00 NOTE
r-oldrel-macos-arm64 0.1.0 18.00 NOTE
r-oldrel-windows-x86_64 0.1.0 4.00 51.00 55.00 NOTE

Check Details

Version: 0.1.0
Check: LazyData
Result: NOTE 'LazyData' is specified without a 'data' directory Flavors: r-devel-linux-x86_64-debian-clang, r-devel-linux-x86_64-debian-gcc, r-devel-linux-x86_64-fedora-clang, r-devel-linux-x86_64-fedora-gcc, r-prerel-macos-arm64, r-prerel-windows-x86_64, r-patched-linux-x86_64, r-release-linux-x86_64, r-release-macos-arm64, r-release-macos-x86_64, r-release-windows-x86_64, r-oldrel-macos-arm64, r-oldrel-windows-x86_64

Version: 0.1.0
Check: dependencies in R code
Result: NOTE Namespace in Imports field not imported from: ‘MASS’ All declared Imports should be used. Flavors: r-devel-linux-x86_64-fedora-clang, r-devel-linux-x86_64-fedora-gcc, r-oldrel-macos-arm64

Version: 0.1.0
Check: Rd cross-references
Result: NOTE Undeclared package ‘btergm’ in Rd xrefs Flavor: r-devel-linux-x86_64-fedora-clang

Version: 0.1.0
Check: Rd cross-references
Result: NOTE Unknown package ‘btergm’ in Rd xrefs Flavor: r-release-macos-x86_64