CRAN Package Check Results for Package rethnicity

Last updated on 2023-02-08 02:57:22 CET.

Flavor Version Tinstall Tcheck Ttotal Status Flags
r-devel-linux-x86_64-debian-clang 0.2.3 79.99 61.93 141.92 NOTE
r-devel-linux-x86_64-debian-gcc 0.2.3 69.31 47.10 116.41 NOTE
r-devel-linux-x86_64-fedora-clang 0.2.3 189.88 NOTE
r-devel-linux-x86_64-fedora-gcc 0.2.3 212.81 NOTE
r-devel-windows-x86_64 0.2.3 134.00 107.00 241.00 NOTE
r-patched-linux-x86_64 0.2.3 79.65 61.57 141.22 OK
r-release-linux-x86_64 0.2.3 73.30 60.68 133.98 OK
r-release-macos-arm64 0.2.3 47.00 NOTE
r-release-macos-x86_64 0.2.3 69.00 NOTE
r-release-windows-x86_64 0.2.3 240.00 110.00 350.00 NOTE
r-oldrel-macos-arm64 0.2.3 51.00 NOTE
r-oldrel-macos-x86_64 0.2.3 69.00 NOTE
r-oldrel-windows-ix86+x86_64 0.2.3 170.00 100.00 270.00 NOTE

Check Details

Version: 0.2.3
Check: C++ specification
Result: NOTE
     Specified C++14: please update to current default of C++17
Flavors: r-devel-linux-x86_64-debian-clang, r-devel-linux-x86_64-debian-gcc, r-devel-windows-x86_64

Version: 0.2.3
Check: package subdirectories
Result: NOTE
    Problems with news in ‘NEWS.md’:
    No news entries found.
Flavors: r-devel-linux-x86_64-debian-clang, r-devel-linux-x86_64-debian-gcc, r-devel-linux-x86_64-fedora-clang, r-devel-linux-x86_64-fedora-gcc, r-devel-windows-x86_64

Version: 0.2.3
Check: C++ specification
Result: NOTE
     Specified C++14: please drop specification unless essential
Flavors: r-devel-linux-x86_64-fedora-clang, r-devel-linux-x86_64-fedora-gcc

Version: 0.2.3
Check: installed package size
Result: NOTE
     installed size is 5.2Mb
     sub-directories of 1Mb or more:
     include 1.9Mb
     libs 1.6Mb
     models 1.6Mb
Flavors: r-devel-windows-x86_64, r-release-macos-arm64, r-release-macos-x86_64, r-release-windows-x86_64, r-oldrel-macos-arm64, r-oldrel-macos-x86_64, r-oldrel-windows-ix86+x86_64