Last updated on 2023-02-06 18:52:17 CET.
Flavor | Version | Tinstall | Tcheck | Ttotal | Status | Flags |
---|---|---|---|---|---|---|
r-devel-linux-x86_64-debian-clang | 0.3-500 | 17.71 | 108.49 | 126.20 | NOTE | |
r-devel-linux-x86_64-debian-gcc | 0.3-500 | 12.29 | 78.92 | 91.21 | NOTE | |
r-devel-linux-x86_64-fedora-clang | 0.3-500 | 151.84 | NOTE | |||
r-devel-linux-x86_64-fedora-gcc | 0.3-500 | 152.86 | NOTE | |||
r-devel-windows-x86_64 | 0.3-500 | 34.00 | 138.00 | 172.00 | NOTE | |
r-patched-linux-x86_64 | 0.3-500 | 15.68 | 101.00 | 116.68 | OK | |
r-release-linux-x86_64 | 0.3-500 | 12.55 | 103.64 | 116.19 | OK | |
r-release-macos-arm64 | 0.3-500 | 35.00 | OK | |||
r-release-macos-x86_64 | 0.3-500 | 54.00 | OK | |||
r-release-windows-x86_64 | 0.3-500 | 53.00 | 135.00 | 188.00 | OK | |
r-oldrel-macos-arm64 | 0.3-500 | 37.00 | OK | |||
r-oldrel-macos-x86_64 | 0.3-500 | 52.00 | OK | |||
r-oldrel-windows-ix86+x86_64 | 0.3-500 | 27.00 | 126.00 | 153.00 | OK |
Version: 0.3-500
Check: Rd files
Result: NOTE
checkRd: (-1) Burns.Rd:28: Escaped LaTeX specials: \&
Flavors: r-devel-linux-x86_64-debian-clang, r-devel-linux-x86_64-debian-gcc, r-devel-linux-x86_64-fedora-clang, r-devel-linux-x86_64-fedora-gcc, r-devel-windows-x86_64