CRAN Package Check Results for Package remotePARTS

Last updated on 2024-06-14 02:54:14 CEST.

Flavor Version Tinstall Tcheck Ttotal Status Flags
r-devel-linux-x86_64-debian-clang 1.0.4 138.46 347.43 485.89 OK
r-devel-linux-x86_64-debian-gcc 1.0.4 95.00 45.91 140.91 ERROR
r-devel-linux-x86_64-fedora-clang 1.0.4 617.81 OK
r-devel-linux-x86_64-fedora-gcc 1.0.4 683.43 OK
r-devel-windows-x86_64 1.0.4 96.00 302.00 398.00 OK
r-patched-linux-x86_64 1.0.4 129.60 383.76 513.36 OK
r-release-linux-x86_64 1.0.4 125.39 372.36 497.75 OK
r-release-macos-arm64 1.0.4 181.00 NOTE
r-release-macos-x86_64 1.0.4 279.00 NOTE
r-release-windows-x86_64 1.0.4 92.00 323.00 415.00 OK
r-oldrel-macos-arm64 1.0.4 206.00 NOTE
r-oldrel-macos-x86_64 1.0.4 392.00 NOTE
r-oldrel-windows-x86_64 1.0.4 116.00 384.00 500.00 OK

Check Details

Version: 1.0.4
Check: package dependencies
Result: NOTE Packages suggested but not available for checking: 'dplyr', 'sqldf', 'devtools', 'ggplot2', 'reshape2' Flavor: r-devel-linux-x86_64-debian-gcc

Version: 1.0.4
Check: examples
Result: ERROR Running examples in ‘remotePARTS-Ex.R’ failed The error most likely occurred in: > base::assign(".ptime", proc.time(), pos = "CheckExEnv") > ### Name: fitAR_map > ### Title: Map-level AR REML > ### Aliases: fitAR_map > > ### ** Examples > > # simulate dummy data > time.points = 9 # time series length > map.width = 5 # square map width > coords = expand.grid(x = 1:map.width, y = 1:map.width) # coordinate matrix > ## create empty spatiotemporal variables: > X <- matrix(NA, nrow = nrow(coords), ncol = time.points) # response > Z <- matrix(NA, nrow = nrow(coords), ncol = time.points) # predictor > # setup first time point: > Z[, 1] <- .05*coords[,"x"] + .2*coords[,"y"] > X[, 1] <- .5*Z[, 1] + rnorm(nrow(coords), 0, .05) #x at time t > ## project through time: > for(t in 2:time.points){ + Z[, t] <- Z[, t-1] + rnorm(map.width^2) + X[, t] <- .2*X[, t-1] + .1*Z[, t] + .05*t + rnorm(nrow(coords), 0 , .25) + } > > # visualize dummy data (NOT RUN) > library(ggplot2);library(dplyr) Error in library(ggplot2) : there is no package called ‘ggplot2’ Execution halted Flavor: r-devel-linux-x86_64-debian-gcc

Version: 1.0.4
Check: re-building of vignette outputs
Result: ERROR Error(s) in re-building vignettes: ... --- re-building ‘Alaska.Rmd’ using rmarkdown Quitting from lines 41-43 [load_tidyverse] (Alaska.Rmd) Error: processing vignette 'Alaska.Rmd' failed with diagnostics: there is no package called 'dplyr' --- failed re-building ‘Alaska.Rmd’ SUMMARY: processing the following file failed: ‘Alaska.Rmd’ Error: Vignette re-building failed. Execution halted Flavor: r-devel-linux-x86_64-debian-gcc

Version: 1.0.4
Check: installed package size
Result: NOTE installed size is 25.2Mb sub-directories of 1Mb or more: libs 23.8Mb Flavors: r-release-macos-arm64, r-release-macos-x86_64, r-oldrel-macos-arm64, r-oldrel-macos-x86_64