CRAN Package Check Results for Package rYWAASB

Last updated on 2025-01-24 18:49:55 CET.

Flavor Version Tinstall Tcheck Ttotal Status Flags
r-devel-linux-x86_64-debian-clang 0.2 6.24 107.10 113.34 OK
r-devel-linux-x86_64-debian-gcc 0.2 4.59 77.61 82.20 OK
r-devel-linux-x86_64-fedora-clang 0.2 183.14 NOTE
r-devel-linux-x86_64-fedora-gcc 0.2 185.76 NOTE
r-devel-windows-x86_64 0.2 12.00 100.00 112.00 OK
r-patched-linux-x86_64 0.2 5.33 100.63 105.96 OK
r-release-linux-x86_64 0.2 5.12 100.57 105.69 OK
r-release-macos-arm64 0.2 48.00 OK
r-release-macos-x86_64 0.2 64.00 OK
r-release-windows-x86_64 0.2 10.00 100.00 110.00 OK
r-oldrel-macos-arm64 0.2 63.00 OK
r-oldrel-macos-x86_64 0.2 88.00 OK
r-oldrel-windows-x86_64 0.2 13.00 122.00 135.00 OK

Check Details

Version: 0.2
Check: dependencies in R code
Result: NOTE Namespaces in Imports field not imported from: ‘lifecycle’ ‘mathjaxr’ All declared Imports should be used. Flavors: r-devel-linux-x86_64-fedora-clang, r-devel-linux-x86_64-fedora-gcc