Last updated on 2025-01-23 18:50:38 CET.
Flavor | Version | Tinstall | Tcheck | Ttotal | Status | Flags |
---|---|---|---|---|---|---|
r-devel-linux-x86_64-debian-clang | 0.2.2 | 5.88 | 47.97 | 53.85 | OK | |
r-devel-linux-x86_64-debian-gcc | 0.2.2 | 3.91 | 34.86 | 38.77 | OK | |
r-devel-linux-x86_64-fedora-clang | 0.2.2 | 87.03 | OK | |||
r-devel-linux-x86_64-fedora-gcc | 0.2.2 | 91.44 | OK | |||
r-devel-windows-x86_64 | 0.2.2 | 7.00 | 65.00 | 72.00 | OK | |
r-patched-linux-x86_64 | 0.2.2 | 4.32 | 44.16 | 48.48 | NOTE | |
r-release-linux-x86_64 | 0.2.2 | 5.49 | 43.66 | 49.15 | NOTE | |
r-release-macos-arm64 | 0.2.2 | 35.00 | NOTE | |||
r-release-macos-x86_64 | 0.2.2 | 85.00 | NOTE | |||
r-release-windows-x86_64 | 0.2.2 | 7.00 | 65.00 | 72.00 | NOTE | |
r-oldrel-macos-arm64 | 0.2.2 | 33.00 | NOTE | |||
r-oldrel-macos-x86_64 | 0.2.2 | 52.00 | NOTE | |||
r-oldrel-windows-x86_64 | 0.2.2 | 9.00 | 72.00 | 81.00 | NOTE |
Version: 0.2.2
Check: LazyData
Result: NOTE
'LazyData' is specified without a 'data' directory
Flavors: r-patched-linux-x86_64, r-release-linux-x86_64, r-release-macos-arm64, r-release-macos-x86_64, r-release-windows-x86_64, r-oldrel-macos-arm64, r-oldrel-macos-x86_64, r-oldrel-windows-x86_64