Last updated on 2023-02-08 02:57:21 CET.
Flavor | Version | Tinstall | Tcheck | Ttotal | Status | Flags |
---|---|---|---|---|---|---|
r-devel-linux-x86_64-debian-clang | 1.1.9 | 4.88 | 56.44 | 61.32 | OK | |
r-devel-linux-x86_64-debian-gcc | 1.1.9 | 3.25 | 42.38 | 45.63 | OK | |
r-devel-linux-x86_64-fedora-clang | 1.1.9 | 76.00 | NOTE | |||
r-devel-linux-x86_64-fedora-gcc | 1.1.9 | 82.92 | NOTE | |||
r-devel-windows-x86_64 | 1.1.9 | 19.00 | 112.00 | 131.00 | NOTE | |
r-patched-linux-x86_64 | 1.1.9 | 3.11 | 52.63 | 55.74 | OK | |
r-release-linux-x86_64 | 1.1.9 | 4.13 | 51.72 | 55.85 | OK | |
r-release-macos-arm64 | 1.1.9 | 34.00 | NOTE | |||
r-release-macos-x86_64 | 1.1.9 | 58.00 | NOTE | |||
r-release-windows-x86_64 | 1.1.9 | 20.00 | 115.00 | 135.00 | NOTE | |
r-oldrel-macos-arm64 | 1.1.9 | 40.00 | NOTE | |||
r-oldrel-macos-x86_64 | 1.1.9 | 50.00 | NOTE | |||
r-oldrel-windows-ix86+x86_64 | 1.1.9 | 12.00 | 84.00 | 96.00 | NOTE |
Version: 1.1.9
Check: installed package size
Result: NOTE
installed size is 5.7Mb
sub-directories of 1Mb or more:
doc 5.5Mb
Flavors: r-devel-linux-x86_64-fedora-clang, r-devel-windows-x86_64, r-release-macos-arm64, r-release-macos-x86_64, r-release-windows-x86_64, r-oldrel-macos-arm64, r-oldrel-macos-x86_64, r-oldrel-windows-ix86+x86_64
Version: 1.1.9
Check: dependencies in R code
Result: NOTE
Namespaces in Imports field not imported from:
‘Hmisc’ ‘car’ ‘dplyr’ ‘grid’ ‘gridExtra’ ‘knitr’ ‘lmerTest’ ‘tidyr’
All declared Imports should be used.
Flavors: r-devel-linux-x86_64-fedora-clang, r-devel-linux-x86_64-fedora-gcc, r-release-macos-arm64, r-release-macos-x86_64, r-oldrel-macos-arm64, r-oldrel-macos-x86_64