CRAN Package Check Results for Package qgraph

Last updated on 2018-08-17 18:47:06 CEST.

Flavor Version Tinstall Tcheck Ttotal Status Flags
r-devel-linux-x86_64-debian-clang 1.5 20.23 165.02 185.25 OK
r-devel-linux-x86_64-debian-gcc 1.5 19.46 133.55 153.01 OK
r-devel-linux-x86_64-fedora-clang 1.5 225.20 OK
r-devel-linux-x86_64-fedora-gcc 1.5 218.88 OK
r-devel-windows-ix86+x86_64 1.5 53.00 328.00 381.00 WARN
r-patched-linux-x86_64 1.5 20.78 148.91 169.69 OK
r-patched-solaris-x86 1.5 285.40 OK
r-release-linux-x86_64 1.5 21.98 150.26 172.24 OK
r-release-windows-ix86+x86_64 1.5 30.00 258.00 288.00 WARN
r-release-osx-x86_64 1.5 OK
r-oldrel-windows-ix86+x86_64 1.5 37.00 195.00 232.00 WARN
r-oldrel-osx-x86_64 1.5 OK

Check Details

Version: 1.5
Check: whether package can be installed
Result: WARN
    Found the following significant warnings:
     Warning: S3 methods '[.fun_list', '[.grouped_df', 'all.equal.tbl_df', 'anti_join.data.frame', 'anti_join.tbl_df', 'arrange.data.frame', 'arrange.default', 'arrange.grouped_df', 'arrange.tbl_df', 'arrange_.data.frame', 'arrange_.tbl_df', 'as.data.frame.grouped_df', 'as.data.frame.rowwise_df', 'as.data.frame.tbl_cube', 'as.data.frame.tbl_df', 'as.table.tbl_cube', 'as.tbl.data.frame', 'as.tbl.tbl', 'as.tbl_cube.array', 'as.tbl_cube.data.frame', 'as.tbl_cube.matrix', 'as.tbl_cube.table', 'as_data_frame.grouped_df', 'as_data_frame.tbl_cube', 'auto_copy.tbl_cube', 'auto_copy.tbl_df', 'cbind.grouped_df', 'collapse.data.frame', 'collect.data.frame', 'common_by.NULL', 'common_by.character', 'common_by.default', 'common_by.list', 'compute.data.frame', 'copy_to.DBIConnection', 'copy_to.src_local', 'default_missing.data.frame', 'default_missing.default', 'dim.tbl_cube', 'distinct.data.frame', 'distinct.default', 'distinct.grouped_df', 'distinct.tbl_df', 'distinct_.data.frame', 'distinct_.grouped_df', 'dist [... truncated]
Flavors: r-devel-windows-ix86+x86_64, r-release-windows-ix86+x86_64, r-oldrel-windows-ix86+x86_64