Last updated on 2023-01-29 18:53:17 CET.
Flavor | Version | Tinstall | Tcheck | Ttotal | Status | Flags |
---|---|---|---|---|---|---|
r-devel-linux-x86_64-debian-clang | 1.1.1 | 119.08 | 126.18 | 245.26 | OK | |
r-devel-linux-x86_64-debian-gcc | 1.1.1 | 93.77 | 94.08 | 187.85 | NOTE | |
r-devel-linux-x86_64-fedora-clang | 1.1.1 | 339.23 | NOTE | |||
r-devel-linux-x86_64-fedora-gcc | 1.1.1 | 330.97 | NOTE | |||
r-devel-windows-x86_64 | 1.1.1 | 110.00 | 182.00 | 292.00 | NOTE | |
r-patched-linux-x86_64 | 1.1.1 | 94.92 | 115.44 | 210.36 | OK | |
r-release-linux-x86_64 | 1.1.1 | 89.85 | 118.29 | 208.14 | OK | |
r-release-macos-arm64 | 1.1.1 | 75.00 | OK | |||
r-release-macos-x86_64 | 1.1.1 | 102.00 | OK | |||
r-release-windows-x86_64 | 1.1.1 | 113.00 | 170.00 | 283.00 | OK | |
r-oldrel-macos-arm64 | 1.1.1 | 64.00 | OK | |||
r-oldrel-macos-x86_64 | 1.1.1 | 96.00 | OK | |||
r-oldrel-windows-ix86+x86_64 | 1.1.1 | 264.00 | 204.00 | 468.00 | OK |
Version: 1.1.1
Check: C++ specification
Result: NOTE
Specified C++11: please update to current default of C++17
Flavors: r-devel-linux-x86_64-debian-gcc, r-devel-linux-x86_64-fedora-clang, r-devel-linux-x86_64-fedora-gcc, r-devel-windows-x86_64