CRAN Package Check Results for Package qdapDictionaries

Last updated on 2024-05-27 18:52:46 CEST.

Flavor Version Tinstall Tcheck Ttotal Status Flags
r-devel-linux-x86_64-debian-clang 1.0.7 4.43 27.20 31.63 OK
r-devel-linux-x86_64-debian-gcc 1.0.7 3.52 20.85 24.37 OK
r-devel-linux-x86_64-fedora-clang 1.0.7 40.36 NOTE
r-devel-linux-x86_64-fedora-gcc 1.0.7 36.90 OK
r-devel-windows-x86_64 1.0.7 5.00 47.00 52.00 OK
r-patched-linux-x86_64 1.0.7 4.26 25.61 29.87 OK
r-release-linux-x86_64 1.0.7 4.11 25.47 29.58 OK
r-release-macos-arm64 1.0.7 18.00 OK
r-release-windows-x86_64 1.0.7 4.00 47.00 51.00 OK
r-oldrel-macos-arm64 1.0.7 18.00 OK
r-oldrel-macos-x86_64 1.0.7 22.00 OK
r-oldrel-windows-x86_64 1.0.7 6.00 46.00 52.00 OK

Check Details

Version: 1.0.7
Check: Rd cross-references
Result: NOTE Undeclared package ‘qdap’ in Rd xrefs Flavor: r-devel-linux-x86_64-fedora-clang