CRAN Package Check Results for Package ptm

Last updated on 2024-06-14 02:54:13 CEST.

Flavor Version Tinstall Tcheck Ttotal Status Flags
r-devel-linux-x86_64-debian-clang 1.0.1 6.18 47.22 53.40 OK
r-devel-linux-x86_64-debian-gcc 1.0.1 4.66 33.77 38.43 ERROR
r-devel-linux-x86_64-fedora-clang 1.0.1 64.60 OK
r-devel-linux-x86_64-fedora-gcc 1.0.1 62.00 OK
r-devel-windows-x86_64 1.0.1 6.00 65.00 71.00 OK
r-patched-linux-x86_64 1.0.1 5.32 46.23 51.55 OK
r-release-linux-x86_64 1.0.1 4.81 45.64 50.45 OK
r-release-macos-arm64 1.0.1 39.00 OK
r-release-macos-x86_64 1.0.1 58.00 OK
r-release-windows-x86_64 1.0.1 6.00 67.00 73.00 OK
r-oldrel-macos-arm64 1.0.1 53.00 OK
r-oldrel-macos-x86_64 1.0.1 79.00 OK
r-oldrel-windows-x86_64 1.0.1 9.00 74.00 83.00 OK

Check Details

Version: 1.0.1
Check: package dependencies
Result: NOTE Package suggested but not available for checking: ‘testthat’ Flavor: r-devel-linux-x86_64-debian-gcc

Version: 1.0.1
Check: tests
Result: ERROR Running ‘testthat.R’ [0s/1s] Running the tests in ‘tests/testthat.R’ failed. Complete output: > library(testthat) Error in library(testthat) : there is no package called 'testthat' Execution halted Flavor: r-devel-linux-x86_64-debian-gcc