CRAN Package Check Results for Package processmonitR

Last updated on 2025-01-26 10:48:31 CET.

Flavor Version Tinstall Tcheck Ttotal Status Flags
r-devel-linux-x86_64-debian-clang 0.1.0 8.41 59.31 67.72 OK
r-devel-linux-x86_64-debian-gcc 0.1.0 4.73 41.95 46.68 OK
r-devel-linux-x86_64-fedora-clang 0.1.0 106.42 OK
r-devel-linux-x86_64-fedora-gcc 0.1.0 111.47 OK
r-devel-windows-x86_64 0.1.0 8.00 69.00 77.00 OK
r-patched-linux-x86_64 0.1.0 7.37 54.06 61.43 NOTE
r-release-linux-x86_64 0.1.0 7.38 54.34 61.72 NOTE
r-release-macos-arm64 0.1.0 38.00 NOTE
r-release-macos-x86_64 0.1.0 54.00 NOTE
r-release-windows-x86_64 0.1.0 9.00 72.00 81.00 NOTE
r-oldrel-macos-arm64 0.1.0 38.00 NOTE
r-oldrel-macos-x86_64 0.1.0 65.00 NOTE
r-oldrel-windows-x86_64 0.1.0 11.00 79.00 90.00 NOTE

Check Details

Version: 0.1.0
Check: LazyData
Result: NOTE 'LazyData' is specified without a 'data' directory Flavors: r-patched-linux-x86_64, r-release-linux-x86_64, r-release-macos-arm64, r-release-macos-x86_64, r-release-windows-x86_64, r-oldrel-macos-arm64, r-oldrel-macos-x86_64, r-oldrel-windows-x86_64