CRAN Package Check Results for Package poolVIM

Last updated on 2023-02-06 02:52:45 CET.

Flavor Version Tinstall Tcheck Ttotal Status Flags
r-devel-linux-x86_64-debian-clang 1.0.0 12.56 100.34 112.90 NOTE
r-devel-linux-x86_64-debian-gcc 1.0.0 10.57 75.03 85.60 NOTE
r-devel-linux-x86_64-fedora-clang 1.0.0 143.19 NOTE
r-devel-linux-x86_64-fedora-gcc 1.0.0 144.60 NOTE
r-devel-windows-x86_64 1.0.0 18.00 127.00 145.00 NOTE
r-patched-linux-x86_64 1.0.0 11.91 97.59 109.50 NOTE
r-release-linux-x86_64 1.0.0 8.75 98.51 107.26 NOTE
r-release-macos-arm64 1.0.0 5.00 ERROR
r-release-macos-x86_64 1.0.0 75.00 NOTE
r-release-windows-x86_64 1.0.0 19.00 134.00 153.00 NOTE
r-oldrel-macos-arm64 1.0.0 9.00 ERROR
r-oldrel-macos-x86_64 1.0.0 62.00 NOTE
r-oldrel-windows-ix86+x86_64 1.0.0 30.00 125.00 155.00 NOTE

Check Details

Version: 1.0.0
Check: LazyData
Result: NOTE
     'LazyData' is specified without a 'data' directory
Flavors: r-devel-linux-x86_64-debian-clang, r-devel-linux-x86_64-debian-gcc, r-devel-linux-x86_64-fedora-clang, r-devel-linux-x86_64-fedora-gcc, r-devel-windows-x86_64, r-patched-linux-x86_64, r-release-linux-x86_64, r-release-macos-x86_64, r-release-windows-x86_64, r-oldrel-macos-x86_64, r-oldrel-windows-ix86+x86_64

Version: 1.0.0
Check: package dependencies
Result: ERROR
    Package required but not available: ‘EmpiricalBrownsMethod’
    
    See section ‘The DESCRIPTION file’ in the ‘Writing R Extensions’
    manual.
Flavors: r-release-macos-arm64, r-oldrel-macos-arm64