Last updated on 2023-01-29 13:51:32 CET.
Flavor | Version | Tinstall | Tcheck | Ttotal | Status | Flags |
---|---|---|---|---|---|---|
r-devel-linux-x86_64-debian-clang | 1.2.3 | 14.49 | 117.74 | 132.23 | OK | |
r-devel-linux-x86_64-debian-gcc | 1.2.3 | 10.94 | 86.06 | 97.00 | OK | |
r-devel-linux-x86_64-fedora-clang | 1.2.3 | 158.18 | NOTE | |||
r-devel-linux-x86_64-fedora-gcc | 1.2.3 | 163.26 | NOTE | |||
r-devel-windows-x86_64 | 1.2.3 | 52.00 | 150.00 | 202.00 | OK | |
r-patched-linux-x86_64 | 1.2.3 | 10.01 | 109.38 | 119.39 | OK | |
r-release-linux-x86_64 | 1.2.3 | 9.70 | 110.62 | 120.32 | OK | |
r-release-macos-arm64 | 1.2.3 | 50.00 | NOTE | |||
r-release-macos-x86_64 | 1.2.3 | 77.00 | NOTE | |||
r-release-windows-x86_64 | 1.2.3 | 37.00 | 144.00 | 181.00 | OK | |
r-oldrel-macos-arm64 | 1.2.3 | 49.00 | NOTE | |||
r-oldrel-macos-x86_64 | 1.2.3 | 65.00 | NOTE | |||
r-oldrel-windows-ix86+x86_64 | 1.2.3 | 30.00 | 136.00 | 166.00 | OK |
Version: 1.2.3
Check: dependencies in R code
Result: NOTE
Namespaces in Imports field not imported from:
‘ggrepel’ ‘gridExtra’
All declared Imports should be used.
Flavors: r-devel-linux-x86_64-fedora-clang, r-devel-linux-x86_64-fedora-gcc, r-release-macos-arm64, r-release-macos-x86_64, r-oldrel-macos-arm64, r-oldrel-macos-x86_64