CRAN Package Check Results for Package pingers

Last updated on 2025-01-26 10:48:30 CET.

Flavor Version Tinstall Tcheck Ttotal Status Flags
r-devel-linux-x86_64-debian-clang 0.1.1 7.67 53.12 60.79 OK
r-devel-linux-x86_64-debian-gcc 0.1.1 5.19 38.14 43.33 OK
r-devel-linux-x86_64-fedora-clang 0.1.1 95.46 OK
r-devel-linux-x86_64-fedora-gcc 0.1.1 87.14 OK
r-devel-windows-x86_64 0.1.1 8.00 67.00 75.00 OK
r-patched-linux-x86_64 0.1.1 6.11 48.24 54.35 NOTE
r-release-linux-x86_64 0.1.1 6.67 47.66 54.33 NOTE
r-release-macos-arm64 0.1.1 30.00 NOTE
r-release-macos-x86_64 0.1.1 42.00 NOTE
r-release-windows-x86_64 0.1.1 8.00 71.00 79.00 NOTE
r-oldrel-macos-arm64 0.1.1 29.00 NOTE
r-oldrel-macos-x86_64 0.1.1 41.00 NOTE
r-oldrel-windows-x86_64 0.1.1 11.00 73.00 84.00 NOTE

Check Details

Version: 0.1.1
Check: LazyData
Result: NOTE 'LazyData' is specified without a 'data' directory Flavors: r-patched-linux-x86_64, r-release-linux-x86_64, r-release-macos-arm64, r-release-macos-x86_64, r-release-windows-x86_64, r-oldrel-macos-arm64, r-oldrel-macos-x86_64, r-oldrel-windows-x86_64