Last updated on 2023-02-05 11:10:43 CET.
Flavor | Version | Tinstall | Tcheck | Ttotal | Status | Flags |
---|---|---|---|---|---|---|
r-devel-linux-x86_64-debian-clang | 0.0.0.3 | 50.58 | 256.00 | 306.58 | OK | |
r-devel-linux-x86_64-debian-gcc | 0.0.0.3 | 45.00 | 186.94 | 231.94 | OK | |
r-devel-linux-x86_64-fedora-clang | 0.0.0.3 | 405.62 | NOTE | |||
r-devel-linux-x86_64-fedora-gcc | 0.0.0.3 | 388.80 | NOTE | |||
r-devel-windows-x86_64 | 0.0.0.3 | 363.00 | 292.00 | 655.00 | NOTE | |
r-patched-linux-x86_64 | 0.0.0.3 | 51.42 | 235.43 | 286.85 | OK | |
r-release-linux-x86_64 | 0.0.0.3 | 46.87 | 229.96 | 276.83 | OK | |
r-release-macos-arm64 | 0.0.0.3 | 92.00 | NOTE | |||
r-release-macos-x86_64 | 0.0.0.3 | 189.00 | NOTE | |||
r-release-windows-x86_64 | 0.0.0.3 | 520.00 | 277.00 | 797.00 | NOTE | |
r-oldrel-macos-arm64 | 0.0.0.3 | 102.00 | NOTE | |||
r-oldrel-macos-x86_64 | 0.0.0.3 | 129.00 | NOTE | |||
r-oldrel-windows-ix86+x86_64 | 0.0.0.3 | 100.00 | 273.00 | 373.00 | NOTE |
Version: 0.0.0.3
Check: package dependencies
Result: NOTE
Imports includes 38 non-default packages.
Importing from so many packages makes the package vulnerable to any of
them becoming unavailable. Move as many as possible to Suggests and
use conditionally.
Flavor: r-devel-linux-x86_64-fedora-clang
Version: 0.0.0.3
Check: installed package size
Result: NOTE
installed size is 6.5Mb
sub-directories of 1Mb or more:
application 5.0Mb
Flavors: r-devel-linux-x86_64-fedora-clang, r-devel-windows-x86_64, r-release-macos-arm64, r-release-macos-x86_64, r-release-windows-x86_64, r-oldrel-macos-arm64, r-oldrel-macos-x86_64, r-oldrel-windows-ix86+x86_64
Version: 0.0.0.3
Check: dependencies in R code
Result: NOTE
Namespaces in Imports field not imported from:
‘rJava’ ‘shinyWidgets’ ‘shinydashboard’ ‘shinyjs’
All declared Imports should be used.
Flavors: r-devel-linux-x86_64-fedora-clang, r-devel-linux-x86_64-fedora-gcc, r-release-macos-arm64, r-release-macos-x86_64, r-oldrel-macos-arm64, r-oldrel-macos-x86_64