CRAN Package Check Results for Package pgsc

Last updated on 2024-04-13 18:55:24 CEST.

Flavor Version Tinstall Tcheck Ttotal Status Flags
r-devel-linux-x86_64-debian-clang 1.0.0 35.18 111.24 146.42 NOTE
r-devel-linux-x86_64-debian-gcc 1.0.0 27.61 83.87 111.48 NOTE
r-devel-linux-x86_64-fedora-clang 1.0.0 203.96 NOTE
r-devel-linux-x86_64-fedora-gcc 1.0.0 207.03 NOTE
r-devel-windows-x86_64 1.0.0 31.00 126.00 157.00 NOTE
r-patched-linux-x86_64 1.0.0 26.04 106.93 132.97 NOTE
r-release-linux-x86_64 1.0.0 25.37 108.20 133.57 NOTE
r-release-macos-arm64 1.0.0 65.00 NOTE
r-release-macos-x86_64 1.0.0 115.00 NOTE
r-release-windows-x86_64 1.0.0 37.00 145.00 182.00 NOTE
r-oldrel-macos-arm64 1.0.0 50.00 OK
r-oldrel-windows-x86_64 1.0.0 36.00 144.00 180.00 OK

Check Details

Version: 1.0.0
Check: C++ specification
Result: NOTE Specified C++11: please drop specification unless essential Flavors: r-devel-linux-x86_64-debian-clang, r-devel-linux-x86_64-debian-gcc, r-devel-linux-x86_64-fedora-clang, r-devel-linux-x86_64-fedora-gcc, r-devel-windows-x86_64, r-patched-linux-x86_64, r-release-linux-x86_64, r-release-macos-arm64, r-release-macos-x86_64, r-release-windows-x86_64