CRAN Package Check Results for Package personr

Last updated on 2025-01-18 18:49:38 CET.

Flavor Version Tinstall Tcheck Ttotal Status Flags
r-devel-linux-x86_64-debian-clang 1.0.0 2.69 19.17 21.86 OK
r-devel-linux-x86_64-debian-gcc 1.0.0 2.09 15.68 17.77 OK
r-devel-linux-x86_64-fedora-clang 1.0.0 36.03 OK
r-devel-linux-x86_64-fedora-gcc 1.0.0 36.52 OK
r-devel-windows-x86_64 1.0.0 4.00 54.00 58.00 OK
r-patched-linux-x86_64 1.0.0 2.82 18.31 21.13 NOTE
r-release-linux-x86_64 1.0.0 2.09 18.52 20.61 NOTE
r-release-macos-arm64 1.0.0 16.00 NOTE
r-release-macos-x86_64 1.0.0 23.00 NOTE
r-release-windows-x86_64 1.0.0 5.00 47.00 52.00 NOTE
r-oldrel-macos-arm64 1.0.0 20.00 NOTE
r-oldrel-macos-x86_64 1.0.0 21.00 NOTE
r-oldrel-windows-x86_64 1.0.0 6.00 43.00 49.00 NOTE

Check Details

Version: 1.0.0
Check: LazyData
Result: NOTE 'LazyData' is specified without a 'data' directory Flavors: r-patched-linux-x86_64, r-release-linux-x86_64, r-release-macos-arm64, r-release-macos-x86_64, r-release-windows-x86_64, r-oldrel-macos-arm64, r-oldrel-macos-x86_64, r-oldrel-windows-x86_64