CRAN Package Check Results for Package performanceEstimation

Last updated on 2024-04-13 02:49:40 CEST.

Flavor Version Tinstall Tcheck Ttotal Status Flags
r-devel-linux-x86_64-debian-clang 1.1.0 9.66 57.01 66.67 NOTE
r-devel-linux-x86_64-debian-gcc 1.1.0 6.60 41.16 47.76 NOTE
r-devel-linux-x86_64-fedora-clang 1.1.0 79.45 NOTE
r-devel-linux-x86_64-fedora-gcc 1.1.0 79.59 NOTE
r-devel-windows-x86_64 1.1.0 9.00 69.00 78.00 NOTE
r-patched-linux-x86_64 1.1.0 11.13 52.37 63.50 NOTE
r-release-linux-x86_64 1.1.0 4.92 53.03 57.95 NOTE
r-release-macos-arm64 1.1.0 25.00 NOTE
r-release-macos-x86_64 1.1.0 39.00 NOTE
r-release-windows-x86_64 1.1.0 11.00 76.00 87.00 NOTE
r-oldrel-macos-arm64 1.1.0 22.00 NOTE
r-oldrel-windows-x86_64 1.1.0 14.00 83.00 97.00 NOTE

Check Details

Version: 1.1.0
Check: package dependencies
Result: NOTE Package suggested but not available for checking: ‘DMwR’ Flavors: r-devel-linux-x86_64-debian-clang, r-devel-linux-x86_64-debian-gcc, r-devel-linux-x86_64-fedora-clang, r-devel-linux-x86_64-fedora-gcc, r-devel-windows-x86_64, r-patched-linux-x86_64, r-release-linux-x86_64, r-release-macos-arm64, r-release-macos-x86_64, r-release-windows-x86_64, r-oldrel-macos-arm64, r-oldrel-windows-x86_64

Version: 1.1.0
Check: Rd files
Result: NOTE checkRd: (-1) classificationMetrics.Rd:85: Lost braces; missing escapes or markup? 85 | will use some extra notation, namely: TP = #{p == + & t == +} ; FP = | ^ checkRd: (-1) classificationMetrics.Rd:86: Lost braces; missing escapes or markup? 86 | #{p == + & t == -} ; TN = #{p == - & t == -}; FN = #{p == - & t == +} | ^ checkRd: (-1) classificationMetrics.Rd:86: Lost braces; missing escapes or markup? 86 | #{p == + & t == -} ; TN = #{p == - & t == -}; FN = #{p == - & t == +} | ^ checkRd: (-1) classificationMetrics.Rd:86: Lost braces; missing escapes or markup? 86 | #{p == + & t == -} ; TN = #{p == - & t == -}; FN = #{p == - & t == +} | ^ checkRd: (-1) classificationMetrics.Rd:87: Lost braces; missing escapes or markup? 87 | ; P = #{t == +} ; N = #{t == -}; Finally, for some descriptions | ^ checkRd: (-1) classificationMetrics.Rd:87: Lost braces; missing escapes or markup? 87 | ; P = #{t == +} ; N = #{t == -}; Finally, for some descriptions | ^ Flavors: r-devel-linux-x86_64-debian-clang, r-devel-linux-x86_64-debian-gcc, r-devel-linux-x86_64-fedora-clang, r-devel-linux-x86_64-fedora-gcc, r-devel-windows-x86_64, r-patched-linux-x86_64

Version: 1.1.0
Check: LazyData
Result: NOTE 'LazyData' is specified without a 'data' directory Flavors: r-devel-linux-x86_64-debian-clang, r-devel-linux-x86_64-debian-gcc, r-devel-linux-x86_64-fedora-clang, r-devel-linux-x86_64-fedora-gcc, r-devel-windows-x86_64, r-patched-linux-x86_64, r-release-linux-x86_64, r-release-macos-arm64, r-release-macos-x86_64, r-release-windows-x86_64, r-oldrel-macos-arm64, r-oldrel-windows-x86_64