CRAN Package Check Results for Package pbivnorm

Last updated on 2023-01-27 11:49:34 CET.

Flavor Version Tinstall Tcheck Ttotal Status Flags
r-devel-linux-x86_64-debian-clang 0.6.0 1.95 19.53 21.48 OK
r-devel-linux-x86_64-debian-gcc 0.6.0 1.91 15.45 17.36 OK
r-devel-linux-x86_64-fedora-clang 0.6.0 28.18 NOTE
r-devel-linux-x86_64-fedora-gcc 0.6.0 28.26 NOTE
r-patched-linux-x86_64 0.6.0 2.18 20.15 22.33 OK
r-release-linux-x86_64 0.6.0 2.63 20.21 22.84 OK
r-release-macos-arm64 0.6.0 16.00 OK
r-release-macos-x86_64 0.6.0 22.00 OK
r-release-windows-x86_64 0.6.0 6.00 42.00 48.00 OK
r-oldrel-macos-arm64 0.6.0 22.00 OK
r-oldrel-macos-x86_64 0.6.0 26.00 OK
r-oldrel-windows-ix86+x86_64 0.6.0 7.00 30.00 37.00 OK

Check Details

Version: 0.6.0
Check: compiled code
Result: NOTE
    File ‘pbivnorm/libs/pbivnorm.so’:
     Found no calls to: ‘R_registerRoutines’, ‘R_useDynamicSymbols’
    
    It is good practice to register native routines and to disable symbol
    search.
    
    See ‘Writing portable packages’ in the ‘Writing R Extensions’ manual.
Flavors: r-devel-linux-x86_64-fedora-clang, r-devel-linux-x86_64-fedora-gcc