Last updated on 2023-01-29 13:51:31 CET.
Flavor | Version | Tinstall | Tcheck | Ttotal | Status | Flags |
---|---|---|---|---|---|---|
r-devel-linux-x86_64-debian-clang | 0.1.2 | 46.31 | 68.79 | 115.10 | OK | |
r-devel-linux-x86_64-debian-gcc | 0.1.2 | 39.71 | 51.46 | 91.17 | NOTE | |
r-devel-linux-x86_64-fedora-clang | 0.1.2 | 155.56 | NOTE | |||
r-devel-linux-x86_64-fedora-gcc | 0.1.2 | 170.44 | NOTE | |||
r-devel-windows-x86_64 | 0.1.2 | 146.00 | 118.00 | 264.00 | NOTE | |
r-patched-linux-x86_64 | 0.1.2 | 34.25 | 65.98 | 100.23 | OK | |
r-release-linux-x86_64 | 0.1.2 | 42.18 | 65.00 | 107.18 | OK | |
r-release-macos-arm64 | 0.1.2 | 43.00 | NOTE | |||
r-release-macos-x86_64 | 0.1.2 | 97.00 | NOTE | |||
r-release-windows-x86_64 | 0.1.2 | 141.00 | 119.00 | 260.00 | OK | |
r-oldrel-macos-arm64 | 0.1.2 | 68.00 | NOTE | |||
r-oldrel-macos-x86_64 | 0.1.2 | 93.00 | NOTE | |||
r-oldrel-windows-ix86+x86_64 | 0.1.2 | 115.00 | 135.00 | 250.00 | OK |
Version: 0.1.2
Check: C++ specification
Result: NOTE
Specified C++14: please update to current default of C++17
Flavors: r-devel-linux-x86_64-debian-gcc, r-devel-linux-x86_64-fedora-clang, r-devel-linux-x86_64-fedora-gcc, r-devel-windows-x86_64
Version: 0.1.2
Check: installed package size
Result: NOTE
installed size is 8.1Mb
sub-directories of 1Mb or more:
libs 7.7Mb
Flavors: r-release-macos-arm64, r-release-macos-x86_64, r-oldrel-macos-arm64, r-oldrel-macos-x86_64