CRAN Package Check Results for Package parsedate

Last updated on 2024-07-24 18:53:57 CEST.

Flavor Version Tinstall Tcheck Ttotal Status Flags
r-devel-linux-x86_64-debian-clang 1.3.1 4.26 30.21 34.47 NOTE
r-devel-linux-x86_64-debian-gcc 1.3.1 2.79 23.50 26.29 NOTE
r-devel-linux-x86_64-fedora-clang 1.3.1 45.81 NOTE
r-devel-linux-x86_64-fedora-gcc 1.3.1 41.14 NOTE
r-devel-windows-x86_64 1.3.1 8.00 54.00 62.00 NOTE
r-patched-linux-x86_64 1.3.1 3.03 30.02 33.05 OK
r-release-linux-x86_64 1.3.1 3.53 29.29 32.82 OK
r-release-macos-arm64 1.3.1 18.00 OK
r-release-macos-x86_64 1.3.1 29.00 OK
r-release-windows-x86_64 1.3.1 7.00 46.00 53.00 OK
r-oldrel-macos-arm64 1.3.1 18.00 OK
r-oldrel-macos-x86_64 1.3.1 25.00 OK
r-oldrel-windows-x86_64 1.3.1 7.00 48.00 55.00 OK

Check Details

Version: 1.3.1
Check: compiled code
Result: NOTE File ‘parsedate/libs/parsedate.so’: Found non-API call to R: ‘STRING_PTR’ Compiled code should not call non-API entry points in R. See ‘Writing portable packages’ in the ‘Writing R Extensions’ manual, and section ‘Moving into C API compliance’ for issues with the use of non-API entry points. Flavors: r-devel-linux-x86_64-debian-clang, r-devel-linux-x86_64-debian-gcc, r-devel-linux-x86_64-fedora-clang, r-devel-linux-x86_64-fedora-gcc

Version: 1.3.1
Check: compiled code
Result: NOTE File 'parsedate/libs/x64/parsedate.dll': Found non-API call to R: 'STRING_PTR' Compiled code should not call non-API entry points in R. See 'Writing portable packages' in the 'Writing R Extensions' manual, and section 'Moving into C API compliance' for issues with the use of non-API entry points. Flavor: r-devel-windows-x86_64