Last updated on 2023-01-29 18:53:16 CET.
Flavor | Version | Tinstall | Tcheck | Ttotal | Status | Flags |
---|---|---|---|---|---|---|
r-devel-linux-x86_64-debian-clang | 0.1.0 | 2.96 | 46.41 | 49.37 | NOTE | |
r-devel-linux-x86_64-debian-gcc | 0.1.0 | 1.93 | 34.11 | 36.04 | NOTE | |
r-devel-linux-x86_64-fedora-clang | 0.1.0 | 58.91 | NOTE | |||
r-devel-linux-x86_64-fedora-gcc | 0.1.0 | 70.63 | NOTE | |||
r-devel-windows-x86_64 | 0.1.0 | 16.00 | 80.00 | 96.00 | NOTE | |
r-patched-linux-x86_64 | 0.1.0 | 2.96 | 44.77 | 47.73 | NOTE | |
r-release-linux-x86_64 | 0.1.0 | 2.52 | 45.18 | 47.70 | NOTE | |
r-release-macos-arm64 | 0.1.0 | 22.00 | NOTE | |||
r-release-macos-x86_64 | 0.1.0 | 31.00 | NOTE | |||
r-release-windows-x86_64 | 0.1.0 | 20.00 | 82.00 | 102.00 | NOTE | |
r-oldrel-macos-arm64 | 0.1.0 | 31.00 | NOTE | |||
r-oldrel-macos-x86_64 | 0.1.0 | 45.00 | NOTE | |||
r-oldrel-windows-ix86+x86_64 | 0.1.0 | 6.00 | 77.00 | 83.00 | NOTE |
Version: 0.1.0
Check: LazyData
Result: NOTE
'LazyData' is specified without a 'data' directory
Flavors: r-devel-linux-x86_64-debian-clang, r-devel-linux-x86_64-debian-gcc, r-devel-linux-x86_64-fedora-clang, r-devel-linux-x86_64-fedora-gcc, r-devel-windows-x86_64, r-patched-linux-x86_64, r-release-linux-x86_64, r-release-macos-arm64, r-release-macos-x86_64, r-release-windows-x86_64, r-oldrel-macos-arm64, r-oldrel-macos-x86_64, r-oldrel-windows-ix86+x86_64