Last updated on 2023-02-05 11:10:42 CET.
Flavor | Version | Tinstall | Tcheck | Ttotal | Status | Flags |
---|---|---|---|---|---|---|
r-devel-linux-x86_64-debian-clang | 1.2.13 | 14.51 | 169.27 | 183.78 | NOTE | |
r-devel-linux-x86_64-debian-gcc | 1.2.13 | 13.25 | 125.60 | 138.85 | NOTE | |
r-devel-linux-x86_64-fedora-clang | 1.2.13 | 227.68 | NOTE | |||
r-devel-linux-x86_64-fedora-gcc | 1.2.13 | 214.68 | NOTE | |||
r-devel-windows-x86_64 | 1.2.13 | 34.00 | 199.00 | 233.00 | NOTE | |
r-patched-linux-x86_64 | 1.2.13 | 14.70 | 162.82 | 177.52 | NOTE | |
r-release-linux-x86_64 | 1.2.13 | 11.84 | 161.75 | 173.59 | NOTE | |
r-release-macos-arm64 | 1.2.13 | 65.00 | NOTE | |||
r-release-macos-x86_64 | 1.2.13 | 111.00 | NOTE | |||
r-release-windows-x86_64 | 1.2.13 | 35.00 | 218.00 | 253.00 | NOTE | |
r-oldrel-macos-arm64 | 1.2.13 | 66.00 | NOTE | |||
r-oldrel-macos-x86_64 | 1.2.13 | 116.00 | NOTE | |||
r-oldrel-windows-ix86+x86_64 | 1.2.13 | 37.00 | 198.00 | 235.00 | NOTE |
Version: 1.2.13
Check: LazyData
Result: NOTE
'LazyData' is specified without a 'data' directory
Flavors: r-devel-linux-x86_64-debian-clang, r-devel-linux-x86_64-debian-gcc, r-devel-linux-x86_64-fedora-clang, r-devel-linux-x86_64-fedora-gcc, r-devel-windows-x86_64, r-patched-linux-x86_64, r-release-linux-x86_64, r-release-macos-arm64, r-release-macos-x86_64, r-release-windows-x86_64, r-oldrel-macos-arm64, r-oldrel-macos-x86_64, r-oldrel-windows-ix86+x86_64