Last updated on 2023-01-29 13:51:31 CET.
Flavor | Version | Tinstall | Tcheck | Ttotal | Status | Flags |
---|---|---|---|---|---|---|
r-devel-linux-x86_64-debian-clang | 0.4.0 | 8.27 | 43.77 | 52.04 | OK | |
r-devel-linux-x86_64-debian-gcc | 0.4.0 | 5.19 | 33.21 | 38.40 | OK | |
r-devel-linux-x86_64-fedora-clang | 0.4.0 | 65.99 | OK | |||
r-devel-linux-x86_64-fedora-gcc | 0.4.0 | 64.33 | OK | |||
r-devel-windows-x86_64 | 0.4.0 | 437.00 | 93.00 | 530.00 | NOTE | |
r-patched-linux-x86_64 | 0.4.0 | 7.90 | 39.24 | 47.14 | OK | |
r-release-linux-x86_64 | 0.4.0 | 8.00 | 40.71 | 48.71 | OK | |
r-release-macos-arm64 | 0.4.0 | 27.00 | OK | |||
r-release-macos-x86_64 | 0.4.0 | 29.00 | OK | |||
r-release-windows-x86_64 | 0.4.0 | 329.00 | 77.00 | 406.00 | NOTE | |
r-oldrel-macos-arm64 | 0.4.0 | 31.00 | OK | |||
r-oldrel-macos-x86_64 | 0.4.0 | 34.00 | OK | |||
r-oldrel-windows-ix86+x86_64 | 0.4.0 | 136.00 | 65.00 | 201.00 | NOTE |
Version: 0.4.0
Check: installed package size
Result: NOTE
installed size is 20.2Mb
sub-directories of 1Mb or more:
library 19.5Mb
Flavors: r-devel-windows-x86_64, r-release-windows-x86_64, r-oldrel-windows-ix86+x86_64