Last updated on 2023-01-29 18:53:16 CET.
Flavor | Version | Tinstall | Tcheck | Ttotal | Status | Flags |
---|---|---|---|---|---|---|
r-devel-linux-x86_64-debian-clang | 1.1.1 | 92.78 | 46.88 | 139.66 | OK | |
r-devel-linux-x86_64-debian-gcc | 1.1.1 | 74.23 | 35.94 | 110.17 | OK | |
r-devel-linux-x86_64-fedora-clang | 1.1.1 | 237.93 | OK | |||
r-devel-linux-x86_64-fedora-gcc | 1.1.1 | 202.72 | OK | |||
r-devel-windows-x86_64 | 1.1.1 | 179.00 | 102.00 | 281.00 | NOTE | |
r-patched-linux-x86_64 | 1.1.1 | 83.77 | 45.44 | 129.21 | OK | |
r-release-linux-x86_64 | 1.1.1 | 81.02 | 46.94 | 127.96 | OK | |
r-release-macos-arm64 | 1.1.1 | 51.00 | OK | |||
r-release-macos-x86_64 | 1.1.1 | 65.00 | OK | |||
r-release-windows-x86_64 | 1.1.1 | 83.00 | 100.00 | 183.00 | OK | |
r-oldrel-macos-arm64 | 1.1.1 | 47.00 | OK | |||
r-oldrel-macos-x86_64 | 1.1.1 | 68.00 | OK | |||
r-oldrel-windows-ix86+x86_64 | 1.1.1 | 246.00 | 103.00 | 349.00 | OK |
Version: 1.1.1
Check: C++ specification
Result: NOTE
Specified C++11: please update to current default of C++17
Flavor: r-devel-windows-x86_64