Last updated on 2025-01-15 10:50:29 CET.
Flavor | Version | Tinstall | Tcheck | Ttotal | Status | Flags |
---|---|---|---|---|---|---|
r-devel-linux-x86_64-debian-clang | 2.5.0 | 36.14 | 159.21 | 195.35 | OK | |
r-devel-linux-x86_64-debian-gcc | 2.5.0 | 24.80 | 105.18 | 129.98 | OK | |
r-devel-linux-x86_64-fedora-clang | 2.5.0 | 304.59 | OK | |||
r-devel-linux-x86_64-fedora-gcc | 2.5.0 | 315.53 | OK | |||
r-devel-windows-x86_64 | 2.5.0 | 62.00 | 266.00 | 328.00 | OK | |
r-patched-linux-x86_64 | 2.5.0 | 41.06 | 150.30 | 191.36 | OK | |
r-release-linux-x86_64 | 2.5.0 | 39.52 | 148.07 | 187.59 | OK | |
r-release-macos-arm64 | 2.5.0 | 102.00 | NOTE | |||
r-release-macos-x86_64 | 2.5.0 | 284.00 | NOTE | |||
r-release-windows-x86_64 | 2.5.0 | 54.00 | 260.00 | 314.00 | NOTE | |
r-oldrel-macos-arm64 | 2.5.0 | 107.00 | NOTE | |||
r-oldrel-macos-x86_64 | 2.5.0 | 192.00 | NOTE | |||
r-oldrel-windows-x86_64 | 2.5.0 | 63.00 | 339.00 | 402.00 | NOTE |
Version: 2.5.0
Check: installed package size
Result: NOTE
installed size is 6.1Mb
sub-directories of 1Mb or more:
data 5.1Mb
Flavors: r-release-macos-arm64, r-release-macos-x86_64, r-release-windows-x86_64, r-oldrel-macos-arm64, r-oldrel-macos-x86_64, r-oldrel-windows-x86_64