CRAN Package Check Results for Package openeo

Last updated on 2024-07-20 02:49:05 CEST.

Flavor Version Tinstall Tcheck Ttotal Status Flags
r-devel-linux-x86_64-debian-clang 1.3.1 49.15 190.80 239.95 OK
r-devel-linux-x86_64-debian-gcc 1.3.1 38.75 138.58 177.33 OK
r-devel-linux-x86_64-fedora-clang 1.3.1 310.21 OK
r-devel-linux-x86_64-fedora-gcc 1.3.1 300.20 OK
r-devel-windows-x86_64 1.3.1 41.00 160.00 201.00 NOTE
r-patched-linux-x86_64 1.3.1 51.68 177.47 229.15 OK
r-release-linux-x86_64 1.3.1 52.41 175.91 228.32 OK
r-release-macos-arm64 1.3.1 81.00 OK
r-release-macos-x86_64 1.3.1 131.00 OK
r-release-windows-x86_64 1.3.1 40.00 154.00 194.00 OK
r-oldrel-macos-arm64 1.3.1 88.00 OK
r-oldrel-macos-x86_64 1.3.1 208.00 OK
r-oldrel-windows-x86_64 1.3.1 55.00 195.00 250.00 OK

Check Details

Version: 1.3.1
Check: Rd cross-references
Result: NOTE Found the following Rd file(s) with Rd \link{} targets missing package anchors: AnyOf.Rd: R6Class Argument.Rd: R6Class Array.Rd: R6Class BasicAuth.Rd: R6Class Boolean.Rd: R6Class BoundingBox.Rd: R6Class CollectionId.Rd: R6Class Date.Rd: R6Class DateTime.Rd: R6Class EPSGCode.Rd: R6Class GeoJson.Rd: R6Class Graph.Rd: R6Class Integer.Rd: R6Class JobId.Rd: R6Class Kernel.Rd: R6Class MetadataFilter.Rd: R6Class Number.Rd: R6Class OutputFormat.Rd: R6Class OutputFormatOptions.Rd: R6Class Parameter.Rd: R6Class Process.Rd: R6Class ProcessGraphArgument.Rd: R6Class ProcessGraphId.Rd: R6Class ProcessGraphParameter.Rd: R6Class ProjDefinition.Rd: R6Class RasterCube.Rd: R6Class String.Rd: R6Class TemporalInterval.Rd: R6Class TemporalIntervals.Rd: R6Class Time.Rd: R6Class UdfCodeArgument.Rd: R6Class UdfRuntimeArgument.Rd: R6Class UdfRuntimeVersionArgument.Rd: R6Class VectorCube.Rd: R6Class Please provide package anchors for all Rd \link{} targets not in the package itself and the base packages. Flavor: r-devel-windows-x86_64