CRAN Package Check Results for Package openNLP

Last updated on 2025-01-23 18:50:33 CET.

Flavor Version Tinstall Tcheck Ttotal Status Flags
r-devel-linux-x86_64-debian-clang 0.2-7 3.38 36.60 39.98 OK
r-devel-linux-x86_64-debian-gcc 0.2-7 2.34 28.18 30.52 OK
r-devel-linux-x86_64-fedora-clang 0.2-7 64.66 OK
r-devel-linux-x86_64-fedora-gcc 0.2-7 68.60 OK
r-devel-windows-x86_64 0.2-7 4.00 53.00 57.00 OK
r-patched-linux-x86_64 0.2-7 3.58 35.16 38.74 NOTE
r-release-linux-x86_64 0.2-7 3.30 35.20 38.50 NOTE
r-release-macos-arm64 0.2-7 23.00 NOTE
r-release-macos-x86_64 0.2-7 32.00 NOTE
r-release-windows-x86_64 0.2-7 6.00 59.00 65.00 NOTE
r-oldrel-macos-arm64 0.2-7 27.00 NOTE
r-oldrel-macos-x86_64 0.2-7 30.00 NOTE
r-oldrel-windows-x86_64 0.2-7 4.00 60.00 64.00 NOTE

Additional issues

donttest

Check Details

Version: 0.2-7
Check: package dependencies
Result: NOTE Package suggested but not available for checking: ‘openNLPmodels.en’ Flavors: r-patched-linux-x86_64, r-release-linux-x86_64, r-release-macos-arm64, r-release-macos-x86_64, r-release-windows-x86_64, r-oldrel-macos-arm64, r-oldrel-macos-x86_64, r-oldrel-windows-x86_64