CRAN Package Check Results for Package npsr

Last updated on 2024-04-12 18:57:20 CEST.

Flavor Version Tinstall Tcheck Ttotal Status Flags
r-devel-linux-x86_64-debian-clang 0.1.1 2.00 34.94 36.94 NOTE
r-devel-linux-x86_64-debian-gcc 0.1.1 2.16 25.48 27.64 NOTE
r-devel-linux-x86_64-fedora-clang 0.1.1 45.39 NOTE
r-devel-linux-x86_64-fedora-gcc 0.1.1 43.33 NOTE
r-devel-windows-x86_64 0.1.1 4.00 46.00 50.00 NOTE
r-patched-linux-x86_64 0.1.1 2.58 32.91 35.49 NOTE
r-release-linux-x86_64 0.1.1 2.76 33.25 36.01 NOTE
r-release-macos-arm64 0.1.1 18.00 NOTE
r-release-macos-x86_64 0.1.1 28.00 NOTE
r-release-windows-x86_64 0.1.1 4.00 47.00 51.00 NOTE
r-oldrel-macos-arm64 0.1.1 18.00 NOTE
r-oldrel-windows-x86_64 0.1.1 5.00 51.00 56.00 NOTE

Check Details

Version: 0.1.1
Check: package subdirectories
Result: NOTE Problems with news in ‘NEWS.md’: No news entries found. Flavors: r-devel-linux-x86_64-debian-clang, r-devel-linux-x86_64-debian-gcc, r-devel-linux-x86_64-fedora-clang, r-devel-linux-x86_64-fedora-gcc, r-devel-windows-x86_64, r-patched-linux-x86_64, r-release-linux-x86_64, r-release-macos-arm64, r-release-macos-x86_64, r-release-windows-x86_64

Version: 0.1.1
Check: Rd \usage sections
Result: NOTE Documented arguments not in \usage in Rd file 'Create_P.Rd': ‘y_zx_dependent’ Documented arguments not in \usage in Rd file 'make_proposer.Rd': ‘N’ Functions with \usage entries need to have the appropriate \alias entries, and all their arguments documented. The \usage entries must correspond to syntactically valid R code. See chapter ‘Writing R documentation files’ in the ‘Writing R Extensions’ manual. Flavors: r-devel-linux-x86_64-debian-clang, r-devel-linux-x86_64-debian-gcc, r-devel-linux-x86_64-fedora-clang, r-devel-linux-x86_64-fedora-gcc, r-devel-windows-x86_64, r-patched-linux-x86_64

Version: 0.1.1
Check: LazyData
Result: NOTE 'LazyData' is specified without a 'data' directory Flavors: r-devel-linux-x86_64-debian-clang, r-devel-linux-x86_64-debian-gcc, r-devel-linux-x86_64-fedora-clang, r-devel-linux-x86_64-fedora-gcc, r-devel-windows-x86_64, r-patched-linux-x86_64, r-release-linux-x86_64, r-release-macos-arm64, r-release-macos-x86_64, r-release-windows-x86_64, r-oldrel-macos-arm64, r-oldrel-windows-x86_64