Last updated on 2023-01-31 10:52:16 CET.
Flavor | Version | Tinstall | Tcheck | Ttotal | Status | Flags |
---|---|---|---|---|---|---|
r-devel-linux-x86_64-debian-clang | 2.0.8 | 42.38 | 110.40 | 152.78 | NOTE | |
r-devel-linux-x86_64-debian-gcc | 2.0.8 | 35.63 | 80.72 | 116.35 | NOTE | |
r-devel-linux-x86_64-fedora-clang | 2.0.8 | 206.60 | NOTE | |||
r-devel-linux-x86_64-fedora-gcc | 2.0.8 | 206.28 | NOTE | |||
r-devel-windows-x86_64 | 2.0.8 | 90.00 | 165.00 | 255.00 | NOTE | |
r-patched-linux-x86_64 | 2.0.8 | 33.11 | 111.11 | 144.22 | OK | |
r-release-linux-x86_64 | 2.0.8 | 30.86 | 109.85 | 140.71 | OK | |
r-release-macos-arm64 | 2.0.8 | 44.00 | OK | |||
r-release-macos-x86_64 | 2.0.8 | 71.00 | OK | |||
r-release-windows-x86_64 | 2.0.8 | 96.00 | 170.00 | 266.00 | OK | |
r-oldrel-macos-arm64 | 2.0.8 | 47.00 | OK | |||
r-oldrel-macos-x86_64 | 2.0.8 | 71.00 | OK | |||
r-oldrel-windows-ix86+x86_64 | 2.0.8 | 104.00 | 196.00 | 300.00 | OK |
Version: 2.0.8
Check: C++ specification
Result: NOTE
Specified C++11: please update to current default of C++17
Flavors: r-devel-linux-x86_64-debian-clang, r-devel-linux-x86_64-debian-gcc, r-devel-linux-x86_64-fedora-clang, r-devel-linux-x86_64-fedora-gcc, r-devel-windows-x86_64