Last updated on 2023-02-05 11:10:41 CET.
Flavor | Version | Tinstall | Tcheck | Ttotal | Status | Flags |
---|---|---|---|---|---|---|
r-devel-linux-x86_64-debian-clang | 2.7-0 | 36.77 | 452.20 | 488.97 | OK | |
r-devel-linux-x86_64-debian-gcc | 2.7-0 | 28.87 | 329.08 | 357.95 | OK | |
r-devel-linux-x86_64-fedora-clang | 2.7-0 | 591.08 | NOTE | |||
r-devel-linux-x86_64-fedora-gcc | 2.7-0 | 577.87 | NOTE | |||
r-devel-windows-x86_64 | 2.7-0 | 77.00 | 540.00 | 617.00 | OK | |
r-patched-linux-x86_64 | 2.7-0 | 42.92 | 421.12 | 464.04 | OK | |
r-release-linux-x86_64 | 2.7-0 | 29.13 | 416.93 | 446.06 | OK | |
r-release-macos-arm64 | 2.7-0 | 109.00 | OK | |||
r-release-macos-x86_64 | 2.7-0 | 184.00 | OK | |||
r-release-windows-x86_64 | 2.7-0 | 90.00 | 526.00 | 616.00 | OK | |
r-oldrel-macos-arm64 | 2.7-0 | 127.00 | OK | |||
r-oldrel-macos-x86_64 | 2.7-0 | 185.00 | OK | |||
r-oldrel-windows-ix86+x86_64 | 2.7-0 | 63.00 | 461.00 | 524.00 | OK |
Version: 2.7-0
Check: data for non-ASCII characters
Result: NOTE
Note: found 2 marked UTF-8 strings
Flavors: r-devel-linux-x86_64-fedora-clang, r-devel-linux-x86_64-fedora-gcc