Last updated on 2023-02-07 10:54:04 CET.
Flavor | Version | Tinstall | Tcheck | Ttotal | Status | Flags |
---|---|---|---|---|---|---|
r-devel-linux-x86_64-debian-clang | 1.0.2 | 839.55 | 130.52 | 970.07 | NOTE | |
r-devel-linux-x86_64-debian-gcc | 1.0.2 | 587.99 | 94.81 | 682.80 | NOTE | |
r-devel-linux-x86_64-fedora-clang | 1.0.2 | 1553.54 | NOTE | |||
r-devel-linux-x86_64-fedora-gcc | 1.0.2 | 1294.57 | NOTE | |||
r-devel-windows-x86_64 | 1.0.2 | 674.00 | 190.00 | 864.00 | NOTE | |
r-patched-linux-x86_64 | 1.0.2 | 634.16 | 122.73 | 756.89 | OK | |
r-release-linux-x86_64 | 1.0.2 | 608.54 | 120.03 | 728.57 | OK | |
r-release-macos-arm64 | 1.0.2 | 263.00 | NOTE | |||
r-release-macos-x86_64 | 1.0.2 | 347.00 | NOTE | |||
r-release-windows-x86_64 | 1.0.2 | 826.00 | 196.00 | 1022.00 | OK | |
r-oldrel-macos-arm64 | 1.0.2 | 260.00 | NOTE | |||
r-oldrel-macos-x86_64 | 1.0.2 | 349.00 | NOTE | |||
r-oldrel-windows-ix86+x86_64 | 1.0.2 | 1897.00 | 215.00 | 2112.00 | OK |
Version: 1.0.2
Check: C++ specification
Result: NOTE
Specified C++11: please update to current default of C++17
Flavors: r-devel-linux-x86_64-debian-clang, r-devel-linux-x86_64-debian-gcc, r-devel-linux-x86_64-fedora-clang, r-devel-windows-x86_64
Version: 1.0.2
Check: C++ specification
Result: NOTE
Specified C++11: please drop specification unless essential
Flavor: r-devel-linux-x86_64-fedora-gcc
Version: 1.0.2
Check: installed package size
Result: NOTE
installed size is 12.1Mb
sub-directories of 1Mb or more:
libs 11.9Mb
Flavors: r-release-macos-arm64, r-release-macos-x86_64, r-oldrel-macos-arm64, r-oldrel-macos-x86_64