CRAN Package Check Results for Package netCoin

Last updated on 2023-02-08 02:57:18 CET.

Flavor Version Tinstall Tcheck Ttotal Status Flags
r-devel-linux-x86_64-debian-clang 2.0.20 14.33 122.40 136.73 NOTE
r-devel-linux-x86_64-debian-gcc 2.0.20 10.73 90.62 101.35 NOTE
r-devel-linux-x86_64-fedora-clang 2.0.20 168.49 NOTE
r-devel-linux-x86_64-fedora-gcc 2.0.20 174.02 NOTE
r-devel-windows-x86_64 2.0.20 45.00 165.00 210.00 NOTE
r-patched-linux-x86_64 2.0.20 18.21 112.76 130.97 OK
r-release-linux-x86_64 2.0.20 10.74 112.98 123.72 OK
r-release-macos-arm64 2.0.20 45.00 NOTE
r-release-macos-x86_64 2.0.20 77.00 NOTE
r-release-windows-x86_64 2.0.20 56.00 165.00 221.00 OK
r-oldrel-macos-arm64 2.0.20 36.00 NOTE
r-oldrel-macos-x86_64 2.0.20 63.00 NOTE
r-oldrel-windows-ix86+x86_64 2.0.20 31.00 146.00 177.00 OK

Check Details

Version: 2.0.20
Check: Rd files
Result: NOTE
    checkRd: (-1) netCoin-package.Rd:38: Escaped LaTeX specials: \&
Flavors: r-devel-linux-x86_64-debian-clang, r-devel-linux-x86_64-debian-gcc, r-devel-linux-x86_64-fedora-clang, r-devel-linux-x86_64-fedora-gcc, r-devel-windows-x86_64

Version: 2.0.20
Check: data for non-ASCII characters
Result: NOTE
     Note: found 21 marked UTF-8 strings
Flavors: r-devel-linux-x86_64-fedora-clang, r-devel-linux-x86_64-fedora-gcc, r-release-macos-arm64, r-release-macos-x86_64, r-oldrel-macos-arm64, r-oldrel-macos-x86_64