CRAN Package Check Results for Package ncdump

Last updated on 2024-07-20 02:49:04 CEST.

Flavor Version Tinstall Tcheck Ttotal Status Flags
r-devel-linux-x86_64-debian-clang 0.0.3 5.00 43.43 48.43 NOTE
r-devel-linux-x86_64-debian-gcc 0.0.3 3.68 32.85 36.53 NOTE
r-devel-linux-x86_64-fedora-clang 0.0.3 59.49 NOTE
r-devel-linux-x86_64-fedora-gcc 0.0.3 55.83 NOTE
r-devel-windows-x86_64 0.0.3 6.00 58.00 64.00 NOTE
r-patched-linux-x86_64 0.0.3 4.02 40.96 44.98 NOTE
r-release-linux-x86_64 0.0.3 3.58 41.72 45.30 NOTE
r-release-macos-arm64 0.0.3 26.00 NOTE
r-release-macos-x86_64 0.0.3 32.00 NOTE
r-release-windows-x86_64 0.0.3 5.00 51.00 56.00 NOTE
r-oldrel-macos-arm64 0.0.3 23.00 NOTE
r-oldrel-macos-x86_64 0.0.3 33.00 NOTE
r-oldrel-windows-x86_64 0.0.3 6.00 59.00 65.00 NOTE

Check Details

Version: 0.0.3
Check: LazyData
Result: NOTE 'LazyData' is specified without a 'data' directory Flavors: r-devel-linux-x86_64-debian-clang, r-devel-linux-x86_64-debian-gcc, r-devel-linux-x86_64-fedora-clang, r-devel-linux-x86_64-fedora-gcc, r-devel-windows-x86_64, r-patched-linux-x86_64, r-release-linux-x86_64, r-release-macos-arm64, r-release-macos-x86_64, r-release-windows-x86_64, r-oldrel-macos-arm64, r-oldrel-macos-x86_64, r-oldrel-windows-x86_64