Last updated on 2023-01-30 10:52:06 CET.
Flavor | Version | Tinstall | Tcheck | Ttotal | Status | Flags |
---|---|---|---|---|---|---|
r-devel-linux-x86_64-debian-clang | 0.2.7 | 114.94 | 115.53 | 230.47 | OK | |
r-devel-linux-x86_64-debian-gcc | 0.2.7 | 91.36 | 90.12 | 181.48 | NOTE | |
r-devel-linux-x86_64-fedora-clang | 0.2.7 | 332.90 | NOTE | |||
r-devel-linux-x86_64-fedora-gcc | 0.2.7 | 318.05 | NOTE | |||
r-devel-windows-x86_64 | 0.2.7 | 113.00 | 141.00 | 254.00 | NOTE | |
r-patched-linux-x86_64 | 0.2.7 | 99.90 | 104.89 | 204.79 | OK | |
r-release-linux-x86_64 | 0.2.7 | 98.17 | 120.65 | 218.82 | OK | |
r-release-macos-arm64 | 0.2.7 | 80.00 | OK | |||
r-release-macos-x86_64 | 0.2.7 | 107.00 | OK | |||
r-release-windows-x86_64 | 0.2.7 | 104.00 | 183.00 | 287.00 | OK | |
r-oldrel-macos-arm64 | 0.2.7 | 109.00 | OK | |||
r-oldrel-macos-x86_64 | 0.2.7 | 188.00 | OK | |||
r-oldrel-windows-ix86+x86_64 | 0.2.7 | 301.00 | 153.00 | 454.00 | OK |
Version: 0.2.7
Check: C++ specification
Result: NOTE
Specified C++11: please update to current default of C++17
Flavors: r-devel-linux-x86_64-debian-gcc, r-devel-linux-x86_64-fedora-clang, r-devel-linux-x86_64-fedora-gcc, r-devel-windows-x86_64